{"id":8526,"date":"2014-09-30T09:42:52","date_gmt":"2014-09-30T09:42:52","guid":{"rendered":"http:\/\/www2020.vu.lt\/?page_id=8526"},"modified":"2026-02-13T09:09:11","modified_gmt":"2026-02-13T09:09:11","slug":"informacija-mokiniams","status":"publish","type":"page","link":"https:\/\/www.mickunai.vilniausr.lm.lt\/?page_id=8526&amp;lang=LT","title":{"rendered":"Informacija mokiniams"},"content":{"rendered":"<div dir=\"ltr\">\n<h4 dir=\"ltr\" style=\"text-align: center;\"><strong>Siekiant pad\u0117ti s\u0117kmingai pasiruo\u0161ti art\u0117jantiems pasiekim\u0173 patikrinimams ir egzaminams, Nacionalin\u0117 \u0161vietimo agent\u016bra (N\u0160A) pareng\u0117 atmintines mokiniams bei j\u0173 t\u0117vams.<br \/>\n<\/strong>Atmintin\u0117se rasite aktualiausi\u0105 informacij\u0105 apie patikrinimo \/ egzamino form\u0105, strukt\u016br\u0105, vertininim\u0105 bei laikymo datas.<\/h4>\n<h2 dir=\"ltr\" style=\"text-align: center;\"><a href=\"https:\/\/www.nsa.smsm.lt\/pasiekimu-departamentas\/egzaminai-ir-pasiekimu-patikrinimai\/valstybiniai-brandos-egzaminai\/vbe-atmintines\/\">VBE atmintin\u0117s<\/a><br \/>\n<a href=\"https:\/\/www.nsa.smsm.lt\/pasiekimu-departamentas\/egzaminai-ir-pasiekimu-patikrinimai\/nacionaliniai-mokiniu-pasiekimu-patikrinimai\/nmpp-atmintines\/\">NMPP atmintin\u0117s<\/a><br \/>\n<a href=\"https:\/\/www.nsa.smsm.lt\/pasiekimu-departamentas\/egzaminai-ir-pasiekimu-patikrinimai\/pagrindinio-ugdymo-pasiekimu-patikrinimai\/pupp-atmintines\/\">PUPP atmintin\u0117s<\/a><\/h2>\n<\/div>\n<h2><\/h2>\n<h2 style=\"text-align: center;\"><span style=\"color: #ff0000;\"><a style=\"color: #ff0000;\" href=\"https:\/\/smsm.lrv.lt\/lt\/naujienos-1\/pranesimai-ziniasklaidai-1\/kokius-egzaminus-laikyti-abiturientai-gali-rinktis-iki-vasario-15-d-4uEL\/\">INFORMACIJA APE EGZAMIN\u0172 PASIRIKIMUS<\/a><\/span><\/h2>\n<p style=\"text-align: center;\">\u0160vietimo, mokslo ir sporto ministerija dalijasi Atmintine abiturientams (-\u0117ms).<br \/>\nAtmintin\u0117je pateikiama \u0161iemetiniams abiturientams aktuali informacija apie valstybini\u0173 brandos egzamin\u0173 sesij\u0105, pri\u0117mim\u0105 \u012f profesinio mokymo \u012fstaigas ir auk\u0161t\u0105sias mokyklas bei kitos naudingos nuorodos.<br \/>\n<a href=\"https:\/\/www.mickunai.vilniausr.lm.lt\/wp-content\/uploads\/2026\/02\/Atmintine_abiturientams_2025-26_01-29.pdf\">ATMINTIN\u0116 ABITURIENTAMS 2025-2026<\/a><\/p>\n<p style=\"text-align: center;\">\n<p style=\"text-align: center;\"><strong>K\u0105 reikia \u017einoti apie egzaminus ir NMPP?<\/strong><\/p>\n<p style=\"text-align: center;\">\ud83d\udccc Kovo m\u0117nes\u012f startuoja vienuoliktok\u0173 pirm\u0173j\u0173 dali\u0173 egzaminai.<\/p>\n<p style=\"text-align: center;\">\u27a1\ufe0f Nacionalin\u0117 \u0161vietimo agent\u016bra (N\u0160A) mokytojams bei mokiniams pareng\u0117 atsakymus \u012f da\u017eniausiai u\u017eduodamus klausimus apie egzaminus:&lt;<a href=\"https:\/\/www.nsa.smsm.lt\/tevams-ir-mokiniams\/\">https:\/\/www.nsa.smsm.lt\/tevams-ir-mokiniams\/<\/a>\/p&gt;<\/p>\n<p style=\"text-align: center;\">Tva\u0161kara\u0161\u010diai:<br \/>\n<a href=\"https:\/\/www.nsa.smsm.lt\/pasiekimu-departamentas\/egzaminai-ir-pasiekimu-patikrinimai\/nacionaliniai-mokiniu-pasiekimu-patikrinimai\/nmpp-tvarkarasciai\/\">NMPP tvarkara\u0161\u010diai<br \/>\n<\/a><a href=\"https:\/\/www.nsa.smsm.lt\/pasiekimu-departamentas\/egzaminai-ir-pasiekimu-patikrinimai\/valstybiniai-brandos-egzaminai\/vbe-tvarkarasciai\/\">VBE tvarkara\u0161\u010diai<\/a><br \/>\n<a href=\"https:\/\/www.nsa.smsm.lt\/pasiekimu-departamentas\/egzaminai-ir-pasiekimu-patikrinimai\/pagrindinio-ugdymo-pasiekimu-patikrinimai\/pupp-tvarkarastis\/\">PUPP tvarkara\u0161\u010diai<\/a><\/p>\n<p style=\"text-align: center;\">\u2705Vis\u0105 informacij\u0105 apie tarpinius patikrinimus ir brandos egzaminus sekite <a href=\"https:\/\/www.nsa.smm.lt\">https:\/\/www.nsa.smm.lt<\/a> ir <a href=\"https:\/\/www.facebook.com\/nsa.smm\">N\u0160A FB<\/a><\/p>\n<p><a href=\"https:\/\/www.e-tar.lt\/portal\/it\/legalAct\/e18db64050a911ee81b8b446907f594f\/asr\">VALSTYBINI\u0172 BRANDOS EGZAMIN\u0172 ORGANIZAVIMO IR VYKDYMO TVARKOS APRA\u0160AS<\/a><\/p>\n<h2 style=\"text-align: center;\"><\/h2>\n<h1 style=\"text-align: center;\"><a href=\"http:\/\/www2020.vu.lt\/?page_id=31123&amp;lang=LT\">UTA (ugdymo turinio atnaujinimas)<\/a><\/h1>\n<p style=\"text-align: center;\"><a href=\"http:\/\/www2020.vu.lt\/wp-content\/uploads\/2020\/03\/NM_elgesio_internete_taisykles-1.docx\">NM elgesio internete taisykl\u0117s<\/a><\/p>\n<p style=\"text-align: center;\"><a href=\"http:\/\/www2020.vu.lt\/wp-content\/uploads\/2014\/09\/D\u0117l-pagalbos-vaikams-linijos-A321-6361-1.pdf\">D\u0116L PAGALBOS VAIKAMS LINIIJOS<\/a><\/p>\n<p style=\"text-align: center;\">\n<p style=\"font-weight: 400; text-align: justify;\">\u00a0 \u00a0 \u00a0 \u00a0 \u00a0 \u00a0 \u00a0Valstyb\u0117s vaiko teisi\u0173 apsaugos ir \u012fvaikinimo tarnyba prie Socialin\u0117s apsaugos ir darbo ministerijos (toliau \u2013 Tarnyba), atsi\u017evelgdama \u012f tai, kad Lietuvos Respublikos sveikatos apsaugos ministerijos iniciatyva 2020 m. paskelbti Vaik\u0173 emocin\u0117s gerov\u0117s metais bei \u012f tai, kad \u0161i\u0173 met\u0173 pavasario situacija Lietuvoje d\u0117l COVID\u201319 (koronaviruso infekcijos) ir jos gr\u0117sm\u0117s neigiamai paveik\u0117 \u017emoni\u0173 emocin\u0119 sveikat\u0105, o karantino laikotarpiu pakit\u0119s gyvenimo b\u016bdas i\u0161ry\u0161kino santyki\u0173 \u0161eimose problemas (teis\u0117saugos duomenimis, daug\u0117jo smurto artimoje aplinkoje atvej\u0173 ir kt.) ir ypa\u010d pa\u017eeid\u017eiami tapo vaikai, kurie prasid\u0117jus naujiems mokslo metams sugr\u012f\u017eo \u012f mokyklas,\u00a0 \u00a0pra\u0161o patalpinti savo interneto svetain\u0117je Pagalbos vaikams linijos (toliau \u2013 PVL) reklamin\u012f skydel\u012f, kuriuo kvie\u010diama pasinaudoti teikiama paslauga \u2013 tiesiogine konsultacija (\u201eonline\u201c). Reklamin\u012f skydel\u012f galima rasti paspaudus interneto nurod\u0105<\/p>\n<p style=\"font-weight: 400; text-align: center;\"><a href=\"http:\/\/ads.impartner.lt\/pagalba_vaikams\/201612\/pagalba_vaikams_konsult_180x150_04\/pagalba_vaikams_konsult_180x150_02.html\">PAGALBA <\/a><\/p>\n<p style=\"text-align: center;\"><a href=\"http:\/\/www.pagalbavaikams.lt\/lt.php\/pagrindinis.html\">PAGALBA VAIKAMS<\/a><\/p>\n<p style=\"font-weight: 400; text-align: justify;\">Papildomai informuojame, kad PVL konsultuoja vaikus ir suaugusiuosius, besikreipian\u010dius d\u0117l vaik\u0173, kai reikalinga kit\u0173 \u012fstaig\u0173 ar institucij\u0173 pagalba (vaikas patiria smurt\u0105 mokykloje ar namuose, \u017eino, kad kitas vaikas yra skriaud\u017eiamas ar kt.), besikreipian\u010diojo sutikimu (pageidaujant u\u017etikrinamas besikreipian\u010diojo anonimi\u0161kumas), inicijuoja pagalbos vaikui teikim\u0105.<\/p>\n<p style=\"font-weight: 400;\">Taip pat pa\u017eymime, kad su PVL galima susisiekti \u0161iais kontaktais:<\/p>\n<p style=\"font-weight: 400; text-align: justify;\">&#8211;\u00a0\u00a0\u00a0\u00a0\u00a0\u00a0\u00a0\u00a0\u00a0\u00a0\u00a0\u00a0\u00a0\u00a0\u00a0\u00a0\u00a0\u00a0\u00a0\u00a0\u00a0\u00a0\u00a0\u00a0<u>nemokamu telefono numeriu<\/u>\u00a0116 111 (\u012f skambu\u010dius vis\u0173 pirma atsiliepia Vaik\u0173 linijos savanoriai, kurie, kai reikalinga kit\u0173 \u012fstaig\u0173 ar organizacij\u0173 pagalba, skambinan\u010diuosius, esant j\u0173 sutikimui, sujungia su PVL konsultantu tolesniam pagalbos organizavimui);<\/p>\n<p style=\"font-weight: 400;\">&#8211;\u00a0\u00a0\u00a0\u00a0\u00a0\u00a0\u00a0\u00a0\u00a0\u00a0\u00a0\u00a0\u00a0\u00a0\u00a0\u00a0\u00a0\u00a0\u00a0\u00a0\u00a0\u00a0\u00a0\u00a0<u>elektroniniu pa\u0161tu<\/u>\u00a0<a href=\"mailto:info@pagalbavaikams.lt\">info@pagalbavaikams.lt<\/a>\u00a0arba\u00a0<a href=\"mailto:skyrybos@pagalbavaikams.lt\">skyrybos@pagalbavaikams.lt<\/a>;<\/p>\n<p style=\"font-weight: 400; text-align: justify;\">&#8211;\u00a0\u00a0\u00a0\u00a0\u00a0\u00a0\u00a0\u00a0\u00a0\u00a0\u00a0\u00a0\u00a0\u00a0\u00a0\u00a0\u00a0\u00a0\u00a0\u00a0\u00a0\u00a0\u00a0\u00a0<u>tiesiogin\u0117mis konsultacijomis \u201eonline\u201d<\/u>\u00a0(interneto svetain\u0117je\u00a0<a href=\"http:\/\/www.pagalbavaikams.lt\/\" data-saferedirecturl=\"https:\/\/www.google.com\/url?q=http:\/\/www.pagalbavaikams.lt&amp;source=gmail&amp;ust=1600334797036000&amp;usg=AFQjCNGblH2RHTPR9WvJLppozVzKkcC7LQ\">www.pagalbavaikams.lt<\/a>\u00a0pagrindinio puslapio kair\u0117s pus\u0117s apa\u010dioje ra\u0161ant skiltyje\u00a0<em>konsultuokis tiesiogiai<\/em>) PVL konsultant\u0173 darbo metu, darbo dienomis nuo 11 iki 19 val.<\/p>\n<table border=\"1\" cellspacing=\"0\" cellpadding=\"0\">\n<tbody>\n<tr>\n<td valign=\"top\" width=\"189\"><\/td>\n<\/tr>\n<\/tbody>\n<\/table>\n<p style=\"text-align: center;\"><strong>Naudingos nuorodos mokiniams:<\/strong><\/p>\n<p>Bendras pagalbos telefonas \u2013 <span style=\"color: #ff0000;\">112.<\/span><\/p>\n<p>Mokyklos direktor\u0117 Malgo\u017eata Radevi\u010d<span style=\"color: #ff0000;\"> 8 5 2386 387.<\/span><\/p>\n<p>Mokyklos direktoriaus pavaduotoja Beata Narunec\u00a0<span style=\"color: #ff0000;\">8 5 2386 269.<\/span><\/p>\n<p>&nbsp;<\/p>\n<p><strong>\u00a0Turi klausim\u0173 apie \u017emogaus teisi\u0173 pa\u017eeidimus, teisi\u0173 ir laisvi\u0173 apsaug\u0105, savo ir kit\u0173 saugumo u\u017etikrinim\u0105? Apsilankyk svetain\u0117je <\/strong><a href=\"http:\/\/www.policija.lt\/\"><strong>www.policija.lt<\/strong><\/a><\/p>\n<p><strong>Tau svarbios tavo teis\u0117s ir pareigos? Viskas \u0161ia tema ir dar daugiau tinklalapyje <\/strong><a href=\"http:\/\/www3.lrs.lt\/pls\/inter\/vaikai\"><strong>http:\/\/www3.lrs.lt\/pls\/inter\/vaikai<\/strong><\/a><\/p>\n<p><strong>Domiesi naujausia informacija narkotik\u0173, tabako ar alkoholio vartojimo prevencijos tema? <\/strong><a href=\"http:\/\/www.ntakd.lt\/\"><strong>http:\/\/www.ntakd.lt\/<\/strong><\/a><\/p>\n<p><strong>Turi tvirt\u0105 nuomon\u0119 ir \u012fdomi\u0173 sumanym\u0173? Susisiek su Lietuvos mokini\u0173 parlamentu <\/strong><a href=\"http:\/\/lmp.lt\/\"><strong>http:\/\/lmp.lt\/<\/strong><\/a> <strong>ir pasidalink savo id\u0117jomis!<\/strong><\/p>\n<p><strong>Visur, visada, su visais susp\u0117ji ir dar turi laisvo laiko papildomiems u\u017esi\u0117mimams? Spustelk <\/strong><a href=\"http:\/\/www.lvjc.lt\/\"><strong>www.lvjc.lt<\/strong><\/a> <strong>ir \u010dia rasi dar daugiau \u012fdomios veiklos!<\/strong><\/p>\n<p><strong>Nor\u0117tum pasidalinti turima informacija, padedan\u010dia mokytis? Diskutuoti su bendraam\u017eiais forume? Apsilankyk svetain\u0117je <\/strong><a href=\"http:\/\/www.moksliukai.lt\/\"><strong>www.moksliukai.lt<\/strong><\/a> <strong>ir tikrai nenusivilsi!<\/strong><\/p>\n<p><strong>Niekada negali b\u016bti tikras, k\u0105 naujo dar atrasi benar\u0161ydamas internete. U\u017esuk <\/strong><a href=\"http:\/\/www.draugiskasinternetas.lt\/\"><strong>www.draugiskasinternetas.lt<\/strong><\/a> <strong>ir su\u017einok tai, k\u0105 jau seniai tur\u0117jai \u017einoti, bet niekas nesak\u0117.<\/strong><\/p>\n<p><strong>Reikia skubaus patarimo, \u0161ilto \u017eod\u017eio, pagalbos ar atsakym\u0173 \u012f tau svarbius klausimus? Nedelsdamas skambink:<\/strong><\/p>\n<p><strong>&#8211; Vilniaus rajono psichologin\u0117s-pedagogin\u0117s tarnybos specialistams tel. <span style=\"color: #ff0000;\">8 5 243 9429.<\/span><\/strong><\/p>\n<p><strong>&#8211; Jaunimo psichologin\u0117s paramos centro darbuotojams t<\/strong><strong>el.<span style=\"color: #ff0000;\"> 8 699 65 946.<\/span><\/strong><\/p>\n<p><strong>&#8211; Jaunimo linijos savanoriams tel. <\/strong><span style=\"color: #ff0000;\"><strong>8 800 28888<\/strong><strong>.<\/strong><\/span><\/p>\n<p><strong>\u00a0Neramina tavo ar draug\u0173 netinkamas maitinimasis? Turi klausim\u0173 d\u0117l savo ar draug\u0173 mitybos? Tau pad\u0117s Valgymo sutrikim\u0173 centro darbuotojai <\/strong><strong>(tel.<span style=\"color: #ff0000;\">(8 5) 26 2 59 79)<\/span><\/strong><span style=\"color: #ff0000;\"><strong>.<\/strong><\/span><\/p>\n","protected":false},"excerpt":{"rendered":"<p>Siekiant pad\u0117ti s\u0117kmingai pasiruo\u0161ti art\u0117jantiems pasiekim\u0173 patikrinimams ir egzaminams, Nacionalin\u0117 \u0161vietimo agent\u016bra (N\u0160A) pareng\u0117 atmintines mokiniams bei j\u0173 t\u0117vams. Atmintin\u0117se rasite aktualiausi\u0105 informacij\u0105 apie patikrinimo \/ egzamino form\u0105, strukt\u016br\u0105, vertininim\u0105 bei laikymo datas. VBE atmintin\u0117s NMPP atmintin\u0117s PUPP atmintin\u0117s INFORMACIJA &hellip; <a href=\"https:\/\/www.mickunai.vilniausr.lm.lt\/?page_id=8526&#038;lang=LT\">Skaitykite toliau <span class=\"meta-nav\">&rarr;<\/span><\/a><\/p>\n","protected":false},"author":1,"featured_media":0,"parent":828,"menu_order":0,"comment_status":"closed","ping_status":"closed","template":"","meta":[],"_links":{"self":[{"href":"https:\/\/www.mickunai.vilniausr.lm.lt\/index.php?rest_route=\/wp\/v2\/pages\/8526"}],"collection":[{"href":"https:\/\/www.mickunai.vilniausr.lm.lt\/index.php?rest_route=\/wp\/v2\/pages"}],"about":[{"href":"https:\/\/www.mickunai.vilniausr.lm.lt\/index.php?rest_route=\/wp\/v2\/types\/page"}],"author":[{"embeddable":true,"href":"https:\/\/www.mickunai.vilniausr.lm.lt\/index.php?rest_route=\/wp\/v2\/users\/1"}],"replies":[{"embeddable":true,"href":"https:\/\/www.mickunai.vilniausr.lm.lt\/index.php?rest_route=%2Fwp%2Fv2%2Fcomments&post=8526"}],"version-history":[{"count":57,"href":"https:\/\/www.mickunai.vilniausr.lm.lt\/index.php?rest_route=\/wp\/v2\/pages\/8526\/revisions"}],"predecessor-version":[{"id":40695,"href":"https:\/\/www.mickunai.vilniausr.lm.lt\/index.php?rest_route=\/wp\/v2\/pages\/8526\/revisions\/40695"}],"up":[{"embeddable":true,"href":"https:\/\/www.mickunai.vilniausr.lm.lt\/index.php?rest_route=\/wp\/v2\/pages\/828"}],"wp:attachment":[{"href":"https:\/\/www.mickunai.vilniausr.lm.lt\/index.php?rest_route=%2Fwp%2Fv2%2Fmedia&parent=8526"}],"curies":[{"name":"wp","href":"https:\/\/api.w.org\/{rel}","templated":true}]}}