{"id":8235,"date":"2014-06-18T09:57:21","date_gmt":"2014-06-18T09:57:21","guid":{"rendered":"http:\/\/www2020.vu.lt\/?page_id=8235"},"modified":"2019-10-12T19:59:58","modified_gmt":"2019-10-12T19:59:58","slug":"bendradarbiavimas","status":"publish","type":"page","link":"https:\/\/www.mickunai.vilniausr.lm.lt\/?page_id=8235&amp;lang=LT","title":{"rendered":"Bendradarbiavimas"},"content":{"rendered":"<p><strong> Mokykla bendradarbiauja su:<\/strong><\/p>\n<p><a href=\"https:\/\/www.vrsa.lt\/\" target=\"_blank\">Vilniaus r. savivaldyb\u0117s \u0161vietimo skyriumi<\/a><\/p>\n<p><a href=\"http:\/\/www.nec.lt\/naujienos\/\" target=\"_blank\">Nacionaliniu egzamin\u0173 centru<\/a><\/p>\n<p><a href=\"http:\/\/www.upc.smm.lt\/\" target=\"_blank\">Ugdymo pl\u0117tot\u0117s centru<\/a><\/p>\n<p><a href=\"http:\/\/www.mostiskes.vilniausr.lm.lt\/\" target=\"_blank\">Mosti\u0161ki\u0173 pagrindine mokykla<\/a><\/p>\n<p><a href=\"http:\/\/vilnius.policija.lt\/index.php\/lt\/nemencine\" target=\"_blank\">Vilniaus r. policijos komisariatu, Nemen\u010din\u0117s policijos nuovada<\/a><\/p>\n<p><a href=\"https:\/\/www.vrsa.lt\/\" target=\"_blank\">Vilniaus r. Mick\u016bn\u0173 seni\u016bnija<\/a><\/p>\n<p><a href=\"http:\/\/www.ppt.vrsa.lt\/lt\/\" target=\"_blank\">Vilniaus r. pedagogin\u0117 ir psichologin\u0117 tarnyba<\/a><\/p>\n<p><a href=\"http:\/\/vilnius.lcn.lt\/parapijos\/mickunai\/\" target=\"_blank\">Mick\u016bn\u0173 \u0160v\u010d. M. Marijos \u0116mimo \u012f dang\u0173 ba\u017eny\u010dia<\/a><\/p>\n<p><a href=\"http:\/\/www.valdovurumai.lt\/\" target=\"_blank\">Lietuvos Did\u017eiosios Kunigaik\u0161tyst\u0117s valdov\u0173 r\u016bmai <\/a><\/p>\n<p><a href=\"http:\/\/www.tvs.vtvpmc.lt\/\" target=\"_blank\">Vilniaus technologijos ir verslo profesinio mokymo centro transporto ir verslo skyriumi<\/a><\/p>\n<p><a href=\"http:\/\/www.salakas.lt\/organizacijos\/salako-pagrindine-mokykla\/salako-pagrindine-mokykla-siandien\/\" target=\"_blank\">Zaras\u0173 r. Salako pagrindin\u0117 mokykla<\/a><\/p>\n<p><a href=\"http:\/\/vileisis.lt\/\" target=\"_blank\">Vilniaus Petro Vilei\u0161io progimnazija<\/a><\/p>\n<p>Europos studij\u0173 fondas Lenkijoje<\/p>\n<p>Vilniaus r. metodinio centro mokyklomis<\/p>\n<p>Nuo 2017 m. Mick\u016bn\u0173 gimnazija bendradarbiauja su <strong>Valstyb\u0117s sienos apsaugos tarnybos prie Lietuvos Respublikos Vidaus reikal\u0173 ministerijos Vilniaus rinktin\u0117s Vilniaus oro uosto pasienio u\u017ekarda<\/strong>. Jaunojo pasienie\u010dio b\u016brelio tikslas yra pl\u0117toti ir populiarinti pasienie\u010dio profesij\u0105 tarp moksleivi\u0173, ugdyti jaun\u0105j\u0105 kart\u0105, skleisti ger\u0105j\u0105 patirt\u012f Tarnybos padaliniuose, pl\u0117toti moksleivi\u0173 savirai\u0161k\u0105, k\u016brybi\u0161kum\u0105 ir j\u0173 u\u017eimtum\u0105.<\/p>\n<p> <a href=\"http:\/\/www2020.vu.lt\/wp-content\/uploads\/2014\/06\/B\u016brelio-2019-2020-m.m.-veiklos-pl..pdf\">B\u016brelio 2019-2020 m.m. veiklos planas<\/a><\/p>\n","protected":false},"excerpt":{"rendered":"<p>Mokykla bendradarbiauja su: Vilniaus r. savivaldyb\u0117s \u0161vietimo skyriumi Nacionaliniu egzamin\u0173 centru Ugdymo pl\u0117tot\u0117s centru Mosti\u0161ki\u0173 pagrindine mokykla Vilniaus r. policijos komisariatu, Nemen\u010din\u0117s policijos nuovada Vilniaus r. Mick\u016bn\u0173 seni\u016bnija Vilniaus r. pedagogin\u0117 ir psichologin\u0117 tarnyba Mick\u016bn\u0173 \u0160v\u010d. M. Marijos \u0116mimo \u012f &hellip; <a href=\"https:\/\/www.mickunai.vilniausr.lm.lt\/?page_id=8235&#038;lang=LT\">Skaitykite toliau <span class=\"meta-nav\">&rarr;<\/span><\/a><\/p>\n","protected":false},"author":1,"featured_media":0,"parent":620,"menu_order":0,"comment_status":"closed","ping_status":"closed","template":"","meta":[],"_links":{"self":[{"href":"https:\/\/www.mickunai.vilniausr.lm.lt\/index.php?rest_route=\/wp\/v2\/pages\/8235"}],"collection":[{"href":"https:\/\/www.mickunai.vilniausr.lm.lt\/index.php?rest_route=\/wp\/v2\/pages"}],"about":[{"href":"https:\/\/www.mickunai.vilniausr.lm.lt\/index.php?rest_route=\/wp\/v2\/types\/page"}],"author":[{"embeddable":true,"href":"https:\/\/www.mickunai.vilniausr.lm.lt\/index.php?rest_route=\/wp\/v2\/users\/1"}],"replies":[{"embeddable":true,"href":"https:\/\/www.mickunai.vilniausr.lm.lt\/index.php?rest_route=%2Fwp%2Fv2%2Fcomments&post=8235"}],"version-history":[{"count":24,"href":"https:\/\/www.mickunai.vilniausr.lm.lt\/index.php?rest_route=\/wp\/v2\/pages\/8235\/revisions"}],"predecessor-version":[{"id":23804,"href":"https:\/\/www.mickunai.vilniausr.lm.lt\/index.php?rest_route=\/wp\/v2\/pages\/8235\/revisions\/23804"}],"up":[{"embeddable":true,"href":"https:\/\/www.mickunai.vilniausr.lm.lt\/index.php?rest_route=\/wp\/v2\/pages\/620"}],"wp:attachment":[{"href":"https:\/\/www.mickunai.vilniausr.lm.lt\/index.php?rest_route=%2Fwp%2Fv2%2Fmedia&parent=8235"}],"curies":[{"name":"wp","href":"https:\/\/api.w.org\/{rel}","templated":true}]}}