{"id":795,"date":"2012-01-31T22:27:17","date_gmt":"2012-01-31T22:27:17","guid":{"rendered":"http:\/\/www2020.vu.lt\/?page_id=795"},"modified":"2025-11-03T14:39:28","modified_gmt":"2025-11-03T14:39:28","slug":"ugdymo-organizavimas","status":"publish","type":"page","link":"https:\/\/www.mickunai.vilniausr.lm.lt\/?page_id=795&amp;lang=LT","title":{"rendered":"Ugdymo organizavimas"},"content":{"rendered":"<p>MOKSLO MET\u0172 TRUKM\u0116. UGDYMO ORGANIZAVIMAS<\/p>\n<p>Mokslo metai prasideda:<br \/>\n2025 m. rugs\u0117jo 1 d., baigiasi 2026 m. rugpj\u016b\u010dio 31 d.<br \/>\nUgdymo procesas prasideda 2025 m. rugs\u0117jo 1 d., baigiasi atitinkamai:<\/p>\n<p>&nbsp;<\/p>\n<table width=\"662\">\n<tbody>\n<tr>\n<td rowspan=\"2\" width=\"141\">Klas\u0117<\/td>\n<td colspan=\"2\" width=\"331\">\n<p style=\"text-align: center;\">Ugdymo proceso<\/p>\n<\/td>\n<td rowspan=\"2\" width=\"189\">Ugdymo proceso trukm\u0117 savait\u0117mis\/dienomis<\/td>\n<\/tr>\n<tr>\n<td width=\"199\">prad\u017eia<\/td>\n<td width=\"132\">pabaiga<\/td>\n<\/tr>\n<tr>\n<td width=\"141\">1-4<\/td>\n<td width=\"199\">09-01<\/td>\n<td width=\"132\">06-08*<\/td>\n<td width=\"189\">35\/175 ug. d.<\/td>\n<\/tr>\n<tr>\n<td width=\"141\">5-8, IG-IIG<\/td>\n<td width=\"199\">09-01<\/td>\n<td width=\"132\">\u00a006-15*<\/td>\n<td width=\"189\">\u00a036\/180 ug. d.<\/td>\n<\/tr>\n<tr>\n<td width=\"141\">IIIG<\/td>\n<td width=\"199\">09-01<\/td>\n<td width=\"132\">06-12*<\/td>\n<td width=\"189\">36\/180 ug. d.<\/td>\n<\/tr>\n<tr>\n<td width=\"141\">IVG<\/td>\n<td width=\"199\">09-01<\/td>\n<td width=\"132\">05-29*<\/td>\n<td width=\"189\">34\/170 ug. d.<\/td>\n<\/tr>\n<\/tbody>\n<\/table>\n<p>*Gimnazija pri\u0117m\u0117 sprendim\u0105 d\u0117l ugdymo proceso trumpinimo, atsi\u017evelgiant \u012f tai, kad pa\u017eintin\u0117 kult\u016brin\u0117 veikla bus vykdoma \u0161e\u0161tadien\u012f ir (ar) sekmadien\u012f.<\/p>\n<ul>\n<li>Senjor\u0173 diena\u00a0 (1-4 kl.)<\/li>\n<li>Kino ir teatro diena<\/li>\n<li>Jaunimo eisena \u201eLietuvos valstyb\u0117s keliu\u201c;<\/li>\n<li>Polonijos diena;<\/li>\n<li>\u017dem\u0117s diena. Akcija \u201eDAROM\u201c.<\/li>\n<li>\u0160eimos diena;<\/li>\n<li>Sporto diena;<\/li>\n<li>Edukacin\u0117s i\u0161vykos.<\/li>\n<\/ul>\n<p>5.3. Prie\u0161mokyklin\u0117s gr., 1-4, 5-8, IG \u2013 IVG klasi\u0173 mokini\u0173 atostog\u0173 trukm\u0117 kalendorin\u0117mis dienomis:<\/p>\n<p>&nbsp;<\/p>\n<table width=\"633\">\n<tbody>\n<tr>\n<td width=\"221\"><strong>Atostogos<\/strong><\/td>\n<td width=\"195\"><strong>Prasideda<\/strong><\/td>\n<td width=\"217\"><strong>Baigiasi<\/strong><\/td>\n<\/tr>\n<tr>\n<td width=\"221\">Rudens<\/td>\n<td width=\"195\">2025-11-03<\/td>\n<td width=\"217\">2025-11-09<\/td>\n<\/tr>\n<tr>\n<td width=\"221\">\u017diemos (Kal\u0117d\u0173)<\/td>\n<td width=\"195\">2025-12-24<\/td>\n<td width=\"217\">2026-01-04<\/td>\n<\/tr>\n<tr>\n<td width=\"221\">\u017diemos<\/td>\n<td width=\"195\">2026-02-16<\/td>\n<td width=\"217\">2026-02-22<\/td>\n<\/tr>\n<tr>\n<td width=\"221\">Pavasario (Velyk\u0173) 1-2G<\/p>\n<p>Pavasario (Velyk\u0173) IIIG-IVG<\/td>\n<td width=\"195\">2026-03-30<\/p>\n<p>2026-04-06<\/td>\n<td width=\"217\">2026-04-05<\/p>\n<p>2026-04-12*<\/td>\n<\/tr>\n<tr>\n<td width=\"221\">Vasaros:<\/p>\n<p>prie\u0161mokyklin\u0117 gr, 1-4 kl.<\/td>\n<td width=\"195\">2026-06-09<\/td>\n<td width=\"217\">2026-08-31<\/td>\n<\/tr>\n<tr>\n<td width=\"221\">\u00a05-8, IG-IIG<\/p>\n<p>IIIG kl.<\/td>\n<td width=\"195\">2026-06-16<\/p>\n<p>2026-06-15<\/td>\n<td width=\"217\">2026-08-31<\/p>\n<p>2026-08-31<\/td>\n<\/tr>\n<\/tbody>\n<\/table>\n<p>*IVG klas\u0117s mokiniams \u012f atostog\u0173 laik\u0105 ne\u012fskaitomos dienos, kai jie laiko brandos egzaminus \u0161vietimo ir mokslo ministro nustatytu laiku.<\/p>\n<p>&nbsp;<\/p>\n<p>5.4. gimnazija dirba 5 dienas per savait\u0119;<\/p>\n<p>5.5. gimnazija dirba viena pamaina;<\/p>\n<p>5.6. pamok\u0173 trukm\u0117\u201345 min.; 1 klas\u0117 \u2013 35 min.<\/p>\n<p>5.7. pertrauk\u0173 trukm\u0117: po 1,5,6 ir 7 pamok\u0173 &#8211; pertrauk\u0173 trukm\u0117 po 10 min. ; po 2, 3 ir 4 pamok\u0173 &#8211; pertrauk\u0173 trukm\u0117 po 20 min.<\/p>\n<p>5.8. Gimnazija dirba kabinet\u0173 sistema. Patalpomis naudojamasi pagal Vidaus darbo tvarkos taisykles.<\/p>\n<p>5.9. Vis\u0173 dalyk\u0173 mokoma lenk\u0173 kalba, i\u0161skyrus lietuvi\u0173 kalbos program\u0105 ir u\u017esienio kalb\u0173 (angl\u0173, rus\u0173) programas.<\/p>\n<p>5.10. Mokslo metai mokyklos sprendimu pagal pradinio, vidurinio ugdymo programas skirstomi pusme\u010diais, o pagal pagrindinio ugdymo program\u0105 &#8211; trimestrais. Pusme\u010di\u0173 ir trimestr\u0173 datas tvirtina gimnazijos direktorius. Nustatoma tokia pusme\u010di\u0173 ir trimestr\u0173 trukm\u0117:<\/p>\n<table style=\"height: 367px;\" width=\"1024\">\n<tbody>\n<tr>\n<td colspan=\"5\" width=\"658\"><strong>Pusme\u010di\u0173 trukm\u0117<\/strong><\/td>\n<\/tr>\n<tr>\n<td width=\"103\"><strong>Klas\u0117s<\/strong><\/td>\n<td width=\"180\"><strong>1 pusmetis<\/strong><\/p>\n<p><strong>(nuo &#8211; iki)<\/strong><\/td>\n<td colspan=\"2\" width=\"266\"><\/td>\n<td width=\"195\"><strong>2\u00a0pusmetis<\/strong><\/p>\n<p><strong>(nuo &#8211; iki)<\/strong><\/td>\n<\/tr>\n<tr>\n<td width=\"103\">5 &#8211; IIG<\/td>\n<td width=\"180\">09-01 &#8211; 01-23<\/td>\n<td colspan=\"2\" width=\"180\"><\/td>\n<td width=\"195\">01-26 &#8211; 06-15<\/td>\n<\/tr>\n<tr>\n<td colspan=\"5\" width=\"658\"><strong>Pusme\u010di\u0173 trukm\u0117<\/strong><\/td>\n<\/tr>\n<tr>\n<td width=\"103\"><strong>Klas\u0117s<\/strong><\/td>\n<td colspan=\"2\" width=\"289\"><strong>I pusmetis (nuo &#8211; iki)<\/strong><\/td>\n<td colspan=\"2\" width=\"266\"><strong>II pusmetis (nuo &#8211; iki)<\/strong><\/td>\n<\/tr>\n<tr>\n<td width=\"103\">1-4<\/td>\n<td colspan=\"2\" width=\"289\">09-01 &#8211; 01-23<\/td>\n<td colspan=\"2\" width=\"266\">01-26\u00a0 &#8211; \u00a0 06-08<\/td>\n<\/tr>\n<tr>\n<td width=\"103\">IIIG<\/td>\n<td colspan=\"2\" width=\"289\">09-01\u00a0 &#8211;\u00a0 01- 23<\/td>\n<td colspan=\"2\" width=\"266\">01-26\u00a0 &#8211; \u00a0 06-12<\/td>\n<\/tr>\n<tr>\n<td width=\"103\">IVG<\/td>\n<td colspan=\"2\" width=\"289\">09-01 &#8211; 01 &#8211; 23<\/td>\n<td colspan=\"2\" width=\"266\">01-26\u00a0 &#8211;\u00a0 05-29<\/td>\n<\/tr>\n<\/tbody>\n<\/table>\n<p>5.11. Jeigu gimnazijos IVG klas\u0117s mokinys laiko pasirinkt\u0105 brandos egzamin\u0105 ar \u012fskait\u0105 pavasario (Velyk\u0173) atostog\u0173 metu, atostog\u0173 diena, per kuri\u0105 jis laiko egzamin\u0105 ar \u012fskait\u0105, nukeliama \u012f artimiausi\u0105 darbo dien\u0105 po atostog\u0173. Jeigu IVG klas\u0117s mokinys laiko pasirinkt\u0105 brandos egzamin\u0105 ugdymo proceso metu, jo pageidavimu gali b\u016bti suteikiama laisva diena prie\u0161 brandos egzamin\u0105. \u0160i diena \u012fskai\u010diuojama \u012f ugdymo dien\u0173 skai\u010di\u0173.<\/p>\n<p>5.12. Esant 20 laipsni\u0173 \u0161al\u010dio ar \u017eemesnei oro temperat\u016brai, \u012f gimnazij\u0105 gali nevykti 1\u20135 klasi\u0173 mokiniai, esant 25 laipsni\u0173 \u0161al\u010dio ar \u017eemesnei temperat\u016brai \u2013 6-8, IG\u2013IVG klasi\u0173 mokiniai. \u0160ios dienos \u012fskai\u010diuojamos \u012f mokymosi dien\u0173 skai\u010di\u0173.<\/p>\n<p>\u0160iltuoju met\u0173 laikotarpiu, temperat\u016brai mokymosi patalpose vir\u0161ijus numatyt\u0105j\u0105 Lietuvos higienos normoje HN 21:2017 \u201eMokykla, vykdanti bendrojo ugdymo programas. Bendrieji sveikatos saugos reikalavimai\u201c, patvirtintoje Lietuvos respublikos sveikatos apsaugos ministro 2011 m. rugpj\u016b\u010dio 10 d. \u012fsakymu Nr. V-773 \u201eD\u0117l Lietuvos higienos normos HN 21:2017 \u201eMokykla, vykdanti bendrojo ugdymo programas. Bendrieji sveikatos saugos reikalavimai\u201c, ugdymo procesas bus koreguojamas ir organizuojamas kitose erdv\u0117se. Esant aplinkyb\u0117ms, kelian\u010dioms pavoj\u0173 mokini\u0173 sveikatai ar gyvybei mokyklos vadovas priima sprendim\u0105 d\u0117l ugdymo proceso sustabdymo. Laikinai sustabd\u017eius ugdymo proces\u0105, mokyklos vadovas sprendim\u0105 d\u0117l ugdymo laiko, kuriuo nevyko ugdymo procesas, \u012fskai\u010diavimo ar ne\u012fskai\u010diavimo \u012f ugdymo dien\u0173 skai\u010di\u0173 ar d\u0117l jo koregavimo derina su Vilniaus rajono \u0160vietimo skyriumi.<\/p>\n<p>5.13. Jei pamokos nevyko d\u0117l \u0161al\u010dio, karantino ar stichini\u0173 nelaimi\u0173, dienyne \u017eymimos datos ir para\u0161oma <strong><em>\u201ePamokos nevyko d\u0117l &#8230;\u201c<\/em><\/strong>.<\/p>\n<p>_______________________________________________________________________________________________________________________________________________________________________<\/p>\n","protected":false},"excerpt":{"rendered":"<p>MOKSLO MET\u0172 TRUKM\u0116. UGDYMO ORGANIZAVIMAS Mokslo metai prasideda: 2025 m. rugs\u0117jo 1 d., baigiasi 2026 m. rugpj\u016b\u010dio 31 d. Ugdymo procesas prasideda 2025 m. rugs\u0117jo 1 d., baigiasi atitinkamai: &nbsp; Klas\u0117 Ugdymo proceso Ugdymo proceso trukm\u0117 savait\u0117mis\/dienomis prad\u017eia pabaiga 1-4 &hellip; <a href=\"https:\/\/www.mickunai.vilniausr.lm.lt\/?page_id=795&#038;lang=LT\">Skaitykite toliau <span class=\"meta-nav\">&rarr;<\/span><\/a><\/p>\n","protected":false},"author":1,"featured_media":0,"parent":628,"menu_order":0,"comment_status":"closed","ping_status":"closed","template":"","meta":[],"_links":{"self":[{"href":"https:\/\/www.mickunai.vilniausr.lm.lt\/index.php?rest_route=\/wp\/v2\/pages\/795"}],"collection":[{"href":"https:\/\/www.mickunai.vilniausr.lm.lt\/index.php?rest_route=\/wp\/v2\/pages"}],"about":[{"href":"https:\/\/www.mickunai.vilniausr.lm.lt\/index.php?rest_route=\/wp\/v2\/types\/page"}],"author":[{"embeddable":true,"href":"https:\/\/www.mickunai.vilniausr.lm.lt\/index.php?rest_route=\/wp\/v2\/users\/1"}],"replies":[{"embeddable":true,"href":"https:\/\/www.mickunai.vilniausr.lm.lt\/index.php?rest_route=%2Fwp%2Fv2%2Fcomments&post=795"}],"version-history":[{"count":63,"href":"https:\/\/www.mickunai.vilniausr.lm.lt\/index.php?rest_route=\/wp\/v2\/pages\/795\/revisions"}],"predecessor-version":[{"id":40087,"href":"https:\/\/www.mickunai.vilniausr.lm.lt\/index.php?rest_route=\/wp\/v2\/pages\/795\/revisions\/40087"}],"up":[{"embeddable":true,"href":"https:\/\/www.mickunai.vilniausr.lm.lt\/index.php?rest_route=\/wp\/v2\/pages\/628"}],"wp:attachment":[{"href":"https:\/\/www.mickunai.vilniausr.lm.lt\/index.php?rest_route=%2Fwp%2Fv2%2Fmedia&parent=795"}],"curies":[{"name":"wp","href":"https:\/\/api.w.org\/{rel}","templated":true}]}}