{"id":4830,"date":"2013-03-13T08:09:41","date_gmt":"2013-03-13T08:09:41","guid":{"rendered":"http:\/\/www2020.vu.lt\/?page_id=4830"},"modified":"2020-09-16T10:53:45","modified_gmt":"2020-09-16T10:53:45","slug":"pagalba-mokiniui","status":"publish","type":"page","link":"https:\/\/www.mickunai.vilniausr.lm.lt\/?page_id=4830&amp;lang=LT","title":{"rendered":"Pagalba mokiniui"},"content":{"rendered":"<p>Valstyb\u0117s vaiko teisi\u0173 apsaugos ir \u012fvaikinimo tarnyba prie Socialin\u0117s apsaugos ir darbo ministerijos (toliau \u2013 Tarnyba), atsi\u017evelgdama \u012f tai, kad Lietuvos Respublikos sveikatos apsaugos ministerijos iniciatyva 2020 m. paskelbti Vaik\u0173 emocin\u0117s gerov\u0117s metais bei \u012f tai, kad \u0161i\u0173 met\u0173 pavasario situacija Lietuvoje d\u0117l COVID\u201319 (koronaviruso infekcijos) ir jos gr\u0117sm\u0117s neigiamai paveik\u0117 \u017emoni\u0173 emocin\u0119 sveikat\u0105, o karantino laikotarpiu pakit\u0119s gyvenimo b\u016bdas i\u0161ry\u0161kino santyki\u0173 \u0161eimose problemas (teis\u0117saugos duomenimis, daug\u0117jo smurto artimoje aplinkoje atvej\u0173 ir kt.) ir ypa\u010d pa\u017eeid\u017eiami tapo vaikai, kurie prasid\u0117jus naujiems mokslo metams sugr\u012f\u017eo \u012f mokyklas, pra\u0161o patalpinti savo interneto svetain\u0117je Pagalbos vaikams linijos (toliau \u2013 PVL) reklamin\u012f skydel\u012f, kuriuo kvie\u010diama pasinaudoti teikiama paslauga \u2013 tiesiogine konsultacija (\u201eonline\u201c). Reklamin\u012f skydel\u012f galima rasti paspaudus interneto nurod\u0105:<\/p>\n<p style=\"text-align: center;\">\u00a0<a href=\"http:\/\/ads.impartner.lt\/pagalba_vaikams\/201612\/pagalba_vaikams_konsult_180x150_04\/pagalba_vaikams_konsult_180x150_02.html\">PAGALBA <\/a><\/p>\n<p style=\"text-align: center;\"><a href=\"http:\/\/www.pagalbavaikams.lt\/lt.php\/pagrindinis.html\">PAGALBA VAIKAMS<\/a><\/p>\n<p>Papildomai informuojame, kad PVL konsultuoja vaikus ir suaugusiuosius, besikreipian\u010dius d\u0117l vaik\u0173, kai reikalinga kit\u0173 \u012fstaig\u0173 ar institucij\u0173 pagalba (vaikas patiria smurt\u0105 mokykloje ar namuose, \u017eino, kad kitas vaikas yra skriaud\u017eiamas ar kt.), besikreipian\u010diojo sutikimu (pageidaujant u\u017etikrinamas besikreipian\u010diojo anonimi\u0161kumas), inicijuoja pagalbos vaikui teikim\u0105.<\/p>\n<p>Taip pat pa\u017eymime, kad su PVL galima susisiekti \u0161iais kontaktais:<\/p>\n<p>&#8211; nemokamu telefono numeriu 116 111 (\u012f skambu\u010dius vis\u0173 pirma atsiliepia Vaik\u0173 linijos savanoriai, kurie, kai reikalinga kit\u0173 \u012fstaig\u0173 ar organizacij\u0173 pagalba, skambinan\u010diuosius, esant j\u0173 sutikimui, sujungia su PVL konsultantu tolesniam pagalbos organizavimui);<\/p>\n<p>&#8211; elektroniniu pa\u0161tu info@pagalbavaikams.lt arba skyrybos@pagalbavaikams.lt;<\/p>\n<p>&#8211; tiesiogin\u0117mis konsultacijomis \u201eonline\u201d (interneto svetain\u0117je www.pagalbavaikams.lt pagrindinio puslapio kair\u0117s pus\u0117s apa\u010dioje ra\u0161ant skiltyje konsultuokis tiesiogiai) PVL konsultant\u0173 darbo metu, darbo dienomis nuo 11 iki 19 val.<\/p>\n","protected":false},"excerpt":{"rendered":"<p>Valstyb\u0117s vaiko teisi\u0173 apsaugos ir \u012fvaikinimo tarnyba prie Socialin\u0117s apsaugos ir darbo ministerijos (toliau \u2013 Tarnyba), atsi\u017evelgdama \u012f tai, kad Lietuvos Respublikos sveikatos apsaugos ministerijos iniciatyva 2020 m. paskelbti Vaik\u0173 emocin\u0117s gerov\u0117s metais bei \u012f tai, kad \u0161i\u0173 met\u0173 pavasario &hellip; <a href=\"https:\/\/www.mickunai.vilniausr.lm.lt\/?page_id=4830&#038;lang=LT\">Skaitykite toliau <span class=\"meta-nav\">&rarr;<\/span><\/a><\/p>\n","protected":false},"author":1,"featured_media":0,"parent":828,"menu_order":0,"comment_status":"closed","ping_status":"closed","template":"","meta":[],"_links":{"self":[{"href":"https:\/\/www.mickunai.vilniausr.lm.lt\/index.php?rest_route=\/wp\/v2\/pages\/4830"}],"collection":[{"href":"https:\/\/www.mickunai.vilniausr.lm.lt\/index.php?rest_route=\/wp\/v2\/pages"}],"about":[{"href":"https:\/\/www.mickunai.vilniausr.lm.lt\/index.php?rest_route=\/wp\/v2\/types\/page"}],"author":[{"embeddable":true,"href":"https:\/\/www.mickunai.vilniausr.lm.lt\/index.php?rest_route=\/wp\/v2\/users\/1"}],"replies":[{"embeddable":true,"href":"https:\/\/www.mickunai.vilniausr.lm.lt\/index.php?rest_route=%2Fwp%2Fv2%2Fcomments&post=4830"}],"version-history":[{"count":10,"href":"https:\/\/www.mickunai.vilniausr.lm.lt\/index.php?rest_route=\/wp\/v2\/pages\/4830\/revisions"}],"predecessor-version":[{"id":26497,"href":"https:\/\/www.mickunai.vilniausr.lm.lt\/index.php?rest_route=\/wp\/v2\/pages\/4830\/revisions\/26497"}],"up":[{"embeddable":true,"href":"https:\/\/www.mickunai.vilniausr.lm.lt\/index.php?rest_route=\/wp\/v2\/pages\/828"}],"wp:attachment":[{"href":"https:\/\/www.mickunai.vilniausr.lm.lt\/index.php?rest_route=%2Fwp%2Fv2%2Fmedia&parent=4830"}],"curies":[{"name":"wp","href":"https:\/\/api.w.org\/{rel}","templated":true}]}}