{"id":39204,"date":"2025-05-25T19:25:16","date_gmt":"2025-05-25T19:25:16","guid":{"rendered":"https:\/\/www.mickunai.vilniausr.lm.lt\/?page_id=39204"},"modified":"2025-05-25T19:25:55","modified_gmt":"2025-05-25T19:25:55","slug":"polski-dofinansowano-przez-instytut-rozwoju-jezyka-polskiego-ze-srodkow-ministra-edukacji-narodowej","status":"publish","type":"page","link":"https:\/\/www.mickunai.vilniausr.lm.lt\/?page_id=39204&amp;lang=LT","title":{"rendered":"(Polski) Dofinansowano przez instytut rozwoju j\u0119zyka polskiego ze \u015brodk\u00f3w ministra edukacji narodowej"},"content":{"rendered":"<div id='gallery-1' class='gallery galleryid-39204 gallery-columns-3 gallery-size-thumbnail'><dl class='gallery-item'>\n\t\t\t<dt class='gallery-icon portrait'>\n\t\t\t\t<a href='https:\/\/www.mickunai.vilniausr.lm.lt\/?attachment_id=39205'><img width=\"150\" height=\"150\" src=\"https:\/\/www.mickunai.vilniausr.lm.lt\/wp-content\/uploads\/2025\/05\/image_67191553-150x150.jpg\" class=\"attachment-thumbnail size-thumbnail\" alt=\"\" decoding=\"async\" loading=\"lazy\" \/><\/a>\n\t\t\t<\/dt><\/dl><dl class='gallery-item'>\n\t\t\t<dt class='gallery-icon landscape'>\n\t\t\t\t<a href='https:\/\/www.mickunai.vilniausr.lm.lt\/?attachment_id=39206'><img width=\"150\" height=\"150\" src=\"https:\/\/www.mickunai.vilniausr.lm.lt\/wp-content\/uploads\/2025\/05\/IMG_4517-150x150.jpg\" class=\"attachment-thumbnail size-thumbnail\" alt=\"\" decoding=\"async\" loading=\"lazy\" srcset=\"https:\/\/www.mickunai.vilniausr.lm.lt\/wp-content\/uploads\/2025\/05\/IMG_4517-150x150.jpg 150w, https:\/\/www.mickunai.vilniausr.lm.lt\/wp-content\/uploads\/2025\/05\/IMG_4517-300x300.jpg 300w, https:\/\/www.mickunai.vilniausr.lm.lt\/wp-content\/uploads\/2025\/05\/IMG_4517-1024x1024.jpg 1024w, https:\/\/www.mickunai.vilniausr.lm.lt\/wp-content\/uploads\/2025\/05\/IMG_4517-768x768.jpg 768w, https:\/\/www.mickunai.vilniausr.lm.lt\/wp-content\/uploads\/2025\/05\/IMG_4517-1536x1536.jpg 1536w, https:\/\/www.mickunai.vilniausr.lm.lt\/wp-content\/uploads\/2025\/05\/IMG_4517-2048x2048.jpg 2048w\" sizes=\"(max-width: 150px) 100vw, 150px\" \/><\/a>\n\t\t\t<\/dt><\/dl><dl class='gallery-item'>\n\t\t\t<dt class='gallery-icon landscape'>\n\t\t\t\t<a href='https:\/\/www.mickunai.vilniausr.lm.lt\/?attachment_id=39207'><img width=\"150\" height=\"150\" src=\"https:\/\/www.mickunai.vilniausr.lm.lt\/wp-content\/uploads\/2025\/05\/IMG_4518-150x150.jpg\" class=\"attachment-thumbnail size-thumbnail\" alt=\"\" decoding=\"async\" loading=\"lazy\" srcset=\"https:\/\/www.mickunai.vilniausr.lm.lt\/wp-content\/uploads\/2025\/05\/IMG_4518-150x150.jpg 150w, https:\/\/www.mickunai.vilniausr.lm.lt\/wp-content\/uploads\/2025\/05\/IMG_4518-300x300.jpg 300w, https:\/\/www.mickunai.vilniausr.lm.lt\/wp-content\/uploads\/2025\/05\/IMG_4518-1024x1024.jpg 1024w, https:\/\/www.mickunai.vilniausr.lm.lt\/wp-content\/uploads\/2025\/05\/IMG_4518-768x768.jpg 768w, https:\/\/www.mickunai.vilniausr.lm.lt\/wp-content\/uploads\/2025\/05\/IMG_4518-1536x1536.jpg 1536w, https:\/\/www.mickunai.vilniausr.lm.lt\/wp-content\/uploads\/2025\/05\/IMG_4518-2048x2048.jpg 2048w\" sizes=\"(max-width: 150px) 100vw, 150px\" \/><\/a>\n\t\t\t<\/dt><\/dl><br style=\"clear: both\" \/>\n\t\t<\/div>\n\n","protected":false},"excerpt":{"rendered":"","protected":false},"author":1,"featured_media":0,"parent":822,"menu_order":0,"comment_status":"closed","ping_status":"closed","template":"","meta":[],"_links":{"self":[{"href":"https:\/\/www.mickunai.vilniausr.lm.lt\/index.php?rest_route=\/wp\/v2\/pages\/39204"}],"collection":[{"href":"https:\/\/www.mickunai.vilniausr.lm.lt\/index.php?rest_route=\/wp\/v2\/pages"}],"about":[{"href":"https:\/\/www.mickunai.vilniausr.lm.lt\/index.php?rest_route=\/wp\/v2\/types\/page"}],"author":[{"embeddable":true,"href":"https:\/\/www.mickunai.vilniausr.lm.lt\/index.php?rest_route=\/wp\/v2\/users\/1"}],"replies":[{"embeddable":true,"href":"https:\/\/www.mickunai.vilniausr.lm.lt\/index.php?rest_route=%2Fwp%2Fv2%2Fcomments&post=39204"}],"version-history":[{"count":1,"href":"https:\/\/www.mickunai.vilniausr.lm.lt\/index.php?rest_route=\/wp\/v2\/pages\/39204\/revisions"}],"predecessor-version":[{"id":39209,"href":"https:\/\/www.mickunai.vilniausr.lm.lt\/index.php?rest_route=\/wp\/v2\/pages\/39204\/revisions\/39209"}],"up":[{"embeddable":true,"href":"https:\/\/www.mickunai.vilniausr.lm.lt\/index.php?rest_route=\/wp\/v2\/pages\/822"}],"wp:attachment":[{"href":"https:\/\/www.mickunai.vilniausr.lm.lt\/index.php?rest_route=%2Fwp%2Fv2%2Fmedia&parent=39204"}],"curies":[{"name":"wp","href":"https:\/\/api.w.org\/{rel}","templated":true}]}}