{"id":34057,"date":"2023-09-26T11:56:21","date_gmt":"2023-09-26T11:56:21","guid":{"rendered":"http:\/\/www2020.vu.lt\/?page_id=34057"},"modified":"2023-09-26T11:56:54","modified_gmt":"2023-09-26T11:56:54","slug":"kino-ambasadoriai-2023","status":"publish","type":"page","link":"https:\/\/www.mickunai.vilniausr.lm.lt\/?page_id=34057&amp;lang=LT","title":{"rendered":",,KINO AMBASADORIAI 2023\u201d"},"content":{"rendered":"<p>Mick\u016bn\u0173 gimnazija &#8211; tai viena i\u0161 10 Lietuvos mokykl\u0173, dalyvaujan\u010di\u0173 ,,Nepatogaus kino\u201c \u012fgyvendinamame bendraam\u017ei\u0173 \u0161vietimo projekte \u201eKino ambasadoriai\u201c, remiamame Brit\u0173 tarybos (British Council).<br \/>\nTai \u2013 iniciatyva, kuria siekiama skatinti Vilniaus regiono \u012fvairiakalbi\u0173 mokykl\u0173 moksleivi\u0173 tarpkult\u016brin\u012f pa\u017einim\u0105, stiprinti projekte dalyvausian\u010di\u0173 jaunuoli\u0173 medij\u0173 ra\u0161tingumo, kritinio m\u0105stymo \u012fg\u016bd\u017eius, reflektuoti mus supan\u010di\u0105 \u017emoni\u0173 \u012fvairov\u0119 bei kurti aktyvi\u0105, pilieti\u0161k\u0105 jaunuomen\u0119.<br \/>\n\u0160i\u0173 met\u0173 rugs\u0117jo 22-24 dienomis dvi IIIG klas\u0117s kino entuziast\u0117s, norin\u010dios tapti kino ambasador\u0117mis tarp savo draug\u0173 ir bendraam\u017ei\u0173, Evelina Kovalevskaja ir Beata Pavlovska, tur\u0117jo galimyb\u0119 dalyvauti i\u0161vykstamuosiuose savaitgalio trukm\u0117s mokymuose Daugirdi\u0161ki\u0173 mokymo centre. Mokymus ved\u0117 du patyr\u0119 edukatoriai &#8211; Lina Janu\u0161kevi\u010di\u016bt\u0117 ir Paulius Pakutinskas. Dalyviai \u017ei\u016br\u0117jo \u201eNepatogaus kino\u201c komandos atrinktus filmus, mok\u0117si kritinio santykio su medijomis, ugd\u0117 savo kaip kino \u017einov\u0173, kino kritik\u0173 ir bendraam\u017ei\u0173 \u0161viet\u0117j\u0173 \u012fg\u016bd\u017eius.<br \/>\nGr\u012f\u017eusios \u012f savo mokykl\u0173 bendruomen\u0119, mokin\u0117s gal\u0117s kas m\u0117nes\u012f rengti kino seansus, kuriuose ne tik \u017ei\u016br\u0117s \u012fdomiausius pastarojo laikme\u010dio dokumentinius filmus, ta\u010diau kartu mokysis juos reflektuoti ir pristatyti bendraam\u017eiams. Jos taipogi ugdys savo vie\u0161ojo kalb\u0117jimo, med\u017eiagos rinkimo, pa\u017einimo kompetencijas. Profesional\u016bs neformalaus ugdymo mentoriai jas lyd\u0117s viso proceso metu, be to, pad\u0117s dalintis tarpusavio patirtimis.<br \/>\nProjekt\u0105 vainikuos \u0161venti\u0161kas kino seansas 2024 m. baland\u017eio m\u0117nes\u012f viename i\u0161 Vilniaus kino teatr\u0173.<br \/>\nProjektas finansuojamas Brit\u0173 tarybos (British Council) l\u0117\u0161omis.<\/p>\n<div id='gallery-1' class='gallery galleryid-34057 gallery-columns-4 gallery-size-thumbnail'><dl class='gallery-item'>\n\t\t\t<dt class='gallery-icon portrait'>\n\t\t\t\t<a href='https:\/\/www.mickunai.vilniausr.lm.lt\/?attachment_id=34053'><img width=\"150\" height=\"150\" src=\"https:\/\/www.mickunai.vilniausr.lm.lt\/wp-content\/uploads\/2023\/09\/received_1358634248415460-150x150.jpeg\" class=\"attachment-thumbnail size-thumbnail\" alt=\"\" decoding=\"async\" loading=\"lazy\" \/><\/a>\n\t\t\t<\/dt><\/dl><dl class='gallery-item'>\n\t\t\t<dt class='gallery-icon portrait'>\n\t\t\t\t<a href='https:\/\/www.mickunai.vilniausr.lm.lt\/?attachment_id=34054'><img width=\"150\" height=\"150\" src=\"https:\/\/www.mickunai.vilniausr.lm.lt\/wp-content\/uploads\/2023\/09\/received_1393637131581198-150x150.jpeg\" class=\"attachment-thumbnail size-thumbnail\" alt=\"\" decoding=\"async\" loading=\"lazy\" \/><\/a>\n\t\t\t<\/dt><\/dl><dl class='gallery-item'>\n\t\t\t<dt class='gallery-icon portrait'>\n\t\t\t\t<a href='https:\/\/www.mickunai.vilniausr.lm.lt\/?attachment_id=34052'><img width=\"150\" height=\"150\" src=\"https:\/\/www.mickunai.vilniausr.lm.lt\/wp-content\/uploads\/2023\/09\/received_1313660609542090-150x150.jpeg\" class=\"attachment-thumbnail size-thumbnail\" alt=\"\" decoding=\"async\" loading=\"lazy\" \/><\/a>\n\t\t\t<\/dt><\/dl><dl class='gallery-item'>\n\t\t\t<dt class='gallery-icon portrait'>\n\t\t\t\t<a href='https:\/\/www.mickunai.vilniausr.lm.lt\/?attachment_id=34051'><img width=\"150\" height=\"150\" src=\"https:\/\/www.mickunai.vilniausr.lm.lt\/wp-content\/uploads\/2023\/09\/received_1254711515218122-150x150.jpeg\" class=\"attachment-thumbnail size-thumbnail\" alt=\"\" decoding=\"async\" loading=\"lazy\" \/><\/a>\n\t\t\t<\/dt><\/dl><br style=\"clear: both\" \/><dl class='gallery-item'>\n\t\t\t<dt class='gallery-icon portrait'>\n\t\t\t\t<a href='https:\/\/www.mickunai.vilniausr.lm.lt\/?attachment_id=34050'><img width=\"150\" height=\"150\" src=\"https:\/\/www.mickunai.vilniausr.lm.lt\/wp-content\/uploads\/2023\/09\/received_839687214276110-150x150.jpeg\" class=\"attachment-thumbnail size-thumbnail\" alt=\"\" decoding=\"async\" loading=\"lazy\" \/><\/a>\n\t\t\t<\/dt><\/dl><dl class='gallery-item'>\n\t\t\t<dt class='gallery-icon portrait'>\n\t\t\t\t<a href='https:\/\/www.mickunai.vilniausr.lm.lt\/?attachment_id=34049'><img width=\"150\" height=\"150\" src=\"https:\/\/www.mickunai.vilniausr.lm.lt\/wp-content\/uploads\/2023\/09\/received_693439109346185-150x150.jpeg\" class=\"attachment-thumbnail size-thumbnail\" alt=\"\" decoding=\"async\" loading=\"lazy\" \/><\/a>\n\t\t\t<\/dt><\/dl><dl class='gallery-item'>\n\t\t\t<dt class='gallery-icon portrait'>\n\t\t\t\t<a href='https:\/\/www.mickunai.vilniausr.lm.lt\/?attachment_id=34048'><img width=\"150\" height=\"150\" src=\"https:\/\/www.mickunai.vilniausr.lm.lt\/wp-content\/uploads\/2023\/09\/received_687462079939761-150x150.jpeg\" class=\"attachment-thumbnail size-thumbnail\" alt=\"\" decoding=\"async\" loading=\"lazy\" \/><\/a>\n\t\t\t<\/dt><\/dl><dl class='gallery-item'>\n\t\t\t<dt class='gallery-icon portrait'>\n\t\t\t\t<a href='https:\/\/www.mickunai.vilniausr.lm.lt\/?attachment_id=34046'><img width=\"150\" height=\"150\" src=\"https:\/\/www.mickunai.vilniausr.lm.lt\/wp-content\/uploads\/2023\/09\/received_352406510462430-150x150.jpeg\" class=\"attachment-thumbnail size-thumbnail\" alt=\"\" decoding=\"async\" loading=\"lazy\" \/><\/a>\n\t\t\t<\/dt><\/dl><br style=\"clear: both\" \/><dl class='gallery-item'>\n\t\t\t<dt class='gallery-icon portrait'>\n\t\t\t\t<a href='https:\/\/www.mickunai.vilniausr.lm.lt\/?attachment_id=34047'><img width=\"150\" height=\"150\" src=\"https:\/\/www.mickunai.vilniausr.lm.lt\/wp-content\/uploads\/2023\/09\/received_533956442241860-150x150.jpeg\" class=\"attachment-thumbnail size-thumbnail\" alt=\"\" decoding=\"async\" loading=\"lazy\" \/><\/a>\n\t\t\t<\/dt><\/dl><dl class='gallery-item'>\n\t\t\t<dt class='gallery-icon portrait'>\n\t\t\t\t<a href='https:\/\/www.mickunai.vilniausr.lm.lt\/?attachment_id=34045'><img width=\"150\" height=\"150\" src=\"https:\/\/www.mickunai.vilniausr.lm.lt\/wp-content\/uploads\/2023\/09\/received_297626029567042-150x150.jpeg\" class=\"attachment-thumbnail size-thumbnail\" alt=\"\" decoding=\"async\" loading=\"lazy\" \/><\/a>\n\t\t\t<\/dt><\/dl><dl class='gallery-item'>\n\t\t\t<dt class='gallery-icon portrait'>\n\t\t\t\t<a href='https:\/\/www.mickunai.vilniausr.lm.lt\/?attachment_id=34044'><img width=\"150\" height=\"150\" src=\"https:\/\/www.mickunai.vilniausr.lm.lt\/wp-content\/uploads\/2023\/09\/received_287239897418333-150x150.jpeg\" class=\"attachment-thumbnail size-thumbnail\" alt=\"\" decoding=\"async\" loading=\"lazy\" \/><\/a>\n\t\t\t<\/dt><\/dl><dl class='gallery-item'>\n\t\t\t<dt class='gallery-icon portrait'>\n\t\t\t\t<a href='https:\/\/www.mickunai.vilniausr.lm.lt\/?attachment_id=34043'><img width=\"150\" height=\"150\" src=\"https:\/\/www.mickunai.vilniausr.lm.lt\/wp-content\/uploads\/2023\/09\/received_270760115839171-150x150.jpeg\" class=\"attachment-thumbnail size-thumbnail\" alt=\"\" decoding=\"async\" loading=\"lazy\" \/><\/a>\n\t\t\t<\/dt><\/dl><br style=\"clear: both\" \/>\n\t\t<\/div>\n\n","protected":false},"excerpt":{"rendered":"<p>Mick\u016bn\u0173 gimnazija &#8211; tai viena i\u0161 10 Lietuvos mokykl\u0173, dalyvaujan\u010di\u0173 ,,Nepatogaus kino\u201c \u012fgyvendinamame bendraam\u017ei\u0173 \u0161vietimo projekte \u201eKino ambasadoriai\u201c, remiamame Brit\u0173 tarybos (British Council). Tai \u2013 iniciatyva, kuria siekiama skatinti Vilniaus regiono \u012fvairiakalbi\u0173 mokykl\u0173 moksleivi\u0173 tarpkult\u016brin\u012f pa\u017einim\u0105, stiprinti projekte dalyvausian\u010di\u0173 jaunuoli\u0173 &hellip; <a href=\"https:\/\/www.mickunai.vilniausr.lm.lt\/?page_id=34057&#038;lang=LT\">Skaitykite toliau <span class=\"meta-nav\">&rarr;<\/span><\/a><\/p>\n","protected":false},"author":1,"featured_media":0,"parent":822,"menu_order":0,"comment_status":"closed","ping_status":"closed","template":"","meta":[],"_links":{"self":[{"href":"https:\/\/www.mickunai.vilniausr.lm.lt\/index.php?rest_route=\/wp\/v2\/pages\/34057"}],"collection":[{"href":"https:\/\/www.mickunai.vilniausr.lm.lt\/index.php?rest_route=\/wp\/v2\/pages"}],"about":[{"href":"https:\/\/www.mickunai.vilniausr.lm.lt\/index.php?rest_route=\/wp\/v2\/types\/page"}],"author":[{"embeddable":true,"href":"https:\/\/www.mickunai.vilniausr.lm.lt\/index.php?rest_route=\/wp\/v2\/users\/1"}],"replies":[{"embeddable":true,"href":"https:\/\/www.mickunai.vilniausr.lm.lt\/index.php?rest_route=%2Fwp%2Fv2%2Fcomments&post=34057"}],"version-history":[{"count":2,"href":"https:\/\/www.mickunai.vilniausr.lm.lt\/index.php?rest_route=\/wp\/v2\/pages\/34057\/revisions"}],"predecessor-version":[{"id":34059,"href":"https:\/\/www.mickunai.vilniausr.lm.lt\/index.php?rest_route=\/wp\/v2\/pages\/34057\/revisions\/34059"}],"up":[{"embeddable":true,"href":"https:\/\/www.mickunai.vilniausr.lm.lt\/index.php?rest_route=\/wp\/v2\/pages\/822"}],"wp:attachment":[{"href":"https:\/\/www.mickunai.vilniausr.lm.lt\/index.php?rest_route=%2Fwp%2Fv2%2Fmedia&parent=34057"}],"curies":[{"name":"wp","href":"https:\/\/api.w.org\/{rel}","templated":true}]}}