{"id":32019,"date":"2023-03-01T12:31:39","date_gmt":"2023-03-01T12:31:39","guid":{"rendered":"http:\/\/www2020.vu.lt\/?page_id=32019"},"modified":"2023-05-26T11:15:44","modified_gmt":"2023-05-26T11:15:44","slug":"ikimokyklinis-ugdymas","status":"publish","type":"page","link":"https:\/\/www.mickunai.vilniausr.lm.lt\/?page_id=32019&amp;lang=LT","title":{"rendered":"Ikimokyklinis ugdymas"},"content":{"rendered":"<p>Ikimokyklinio ugdymo paskirtis \u2013 pad\u0117ti vaikui tenkinti prigimtinius, kult\u016bros, taip pat ir etnin\u0117s, socialinius, pa\u017eintinius geb\u0117jimus, ugdyti vaiko kognityvinius \u012fg\u016bd\u017eius, pad\u0117ti pasirengti ugdytis pagal prie\u0161mokyklinio ugdymo program\u0105.<\/p>\n<p>Ikimokyklinis ugdymas \u012fstaigoje vykdomas pagal Vilniaus r. Mick\u016bn\u0173 gimnazijos ikimokyklinio ugdymo program\u0105, kuri parengta remiantis Ikimokyklinio ugdymo program\u0173 kriterij\u0173 apra\u0161u:<br \/>\n<a href=\"https:\/\/www.e-tar.lt\/portal\/lt\/legalAct\/TAR.F75FE2733AF1\">Ikimokyklinio ugdymo programos apra\u0161as<\/a><\/p>\n<p>Ikimokykliniame ugdyme \u012fgyvendinama vaik\u0173 socialinio-emocinio ugdymo programa ,,Zipio draugai\u201c.<br \/>\nDaugiau informacijos apie programas:<br \/>\n<a href=\"https:\/\/www.vaikolabui.lt\/\">Vaiko labui<\/a><\/p>\n<p>Mokestis u\u017e vaiko maitinim\u0105 ir ugdymo reikmi\u0173 tenkinim\u0105 apskai\u010diuojamas remiantis Mokes\u010dio u\u017e vaiko maitinim\u0105 ir ugdymo reikmi\u0173 tenkinim\u0105 Vilniaus rajono savivaldyb\u0117s \u0161vietimo \u012fstaigose, \u012fgyvendinan\u010diose ikimokyklinio ir prie\u0161mokyklinio ugdymo programas, nustatymo tvarkos apra\u0161u<br \/>\n<a href=\"https:\/\/www.e-tar.lt\/portal\/lt\/legalAct\/7bf8d610608d11e79198ffdb108a3753\/asr\">Mokestis u\u017e vaiko maitinim\u0105 ir ugdymo reikmi\u0173 tenkinim\u0105<\/a><\/p>\n<p>Ikimokyklinio ugdymo grup\u0117se vadovaujam\u0117s Lietuvos higienos norma HN 75:2016<br \/>\n\u201eIkimokyklinio ir prie\u0161mokyklinio ugdymo program\u0173 vykdymo bendrieji sveikatos<br \/>\nsaugos reikalavimai\u201c <a href=\"https:\/\/www.e-tar.lt\/portal\/lt\/legalAct\/TAR.AF02472A1EBF\">Ikimokyklinio ir prie\u0161mokyklinio ugdymo program\u0173 vykdymo bendrieji sveikatos saugos reikalavimai <\/a><\/p>\n<p>Daugiau informacijos apie ikimokyklin\u012f ugdym\u0105 Vilniaus rajono savivaldyb\u0117s interneto svetain\u0117je <a href=\"https:\/\/www.vrsa.lt\/svietimas\/ikimokyklinis-ir-priesmokyklinis- ugdymas\/437\">https:\/\/www.vrsa.lt\/svietimas\/ikimokyklinis-ir-priesmokyklinis- ugdymas\/437<\/a> bei \u0160vietimo, mokslo ir sporto ministerijos interneto svetain\u0117je <a href=\"https:\/\/smsm.lrv.lt\/web\/lt\/smm-svietimas\/svietimo-sistema-ikimokyklinis-ugdymas\">https:\/\/smsm.lrv.lt\/web\/lt\/smm-svietimas\/svietimo-sistema-ikimokyklinis-ugdymas<\/a><\/p>\n<p>Ikimokyklinio ugdymo portalas <a href=\"https:\/\/www.ikimokyklinis.lt\">https:\/\/www.ikimokyklinis.lt<\/a><\/p>\n","protected":false},"excerpt":{"rendered":"<p>Ikimokyklinio ugdymo paskirtis \u2013 pad\u0117ti vaikui tenkinti prigimtinius, kult\u016bros, taip pat ir etnin\u0117s, socialinius, pa\u017eintinius geb\u0117jimus, ugdyti vaiko kognityvinius \u012fg\u016bd\u017eius, pad\u0117ti pasirengti ugdytis pagal prie\u0161mokyklinio ugdymo program\u0105. Ikimokyklinis ugdymas \u012fstaigoje vykdomas pagal Vilniaus r. Mick\u016bn\u0173 gimnazijos ikimokyklinio ugdymo program\u0105, kuri &hellip; <a href=\"https:\/\/www.mickunai.vilniausr.lm.lt\/?page_id=32019&#038;lang=LT\">Skaitykite toliau <span class=\"meta-nav\">&rarr;<\/span><\/a><\/p>\n","protected":false},"author":1,"featured_media":0,"parent":795,"menu_order":0,"comment_status":"closed","ping_status":"closed","template":"","meta":[],"_links":{"self":[{"href":"https:\/\/www.mickunai.vilniausr.lm.lt\/index.php?rest_route=\/wp\/v2\/pages\/32019"}],"collection":[{"href":"https:\/\/www.mickunai.vilniausr.lm.lt\/index.php?rest_route=\/wp\/v2\/pages"}],"about":[{"href":"https:\/\/www.mickunai.vilniausr.lm.lt\/index.php?rest_route=\/wp\/v2\/types\/page"}],"author":[{"embeddable":true,"href":"https:\/\/www.mickunai.vilniausr.lm.lt\/index.php?rest_route=\/wp\/v2\/users\/1"}],"replies":[{"embeddable":true,"href":"https:\/\/www.mickunai.vilniausr.lm.lt\/index.php?rest_route=%2Fwp%2Fv2%2Fcomments&post=32019"}],"version-history":[{"count":9,"href":"https:\/\/www.mickunai.vilniausr.lm.lt\/index.php?rest_route=\/wp\/v2\/pages\/32019\/revisions"}],"predecessor-version":[{"id":33128,"href":"https:\/\/www.mickunai.vilniausr.lm.lt\/index.php?rest_route=\/wp\/v2\/pages\/32019\/revisions\/33128"}],"up":[{"embeddable":true,"href":"https:\/\/www.mickunai.vilniausr.lm.lt\/index.php?rest_route=\/wp\/v2\/pages\/795"}],"wp:attachment":[{"href":"https:\/\/www.mickunai.vilniausr.lm.lt\/index.php?rest_route=%2Fwp%2Fv2%2Fmedia&parent=32019"}],"curies":[{"name":"wp","href":"https:\/\/api.w.org\/{rel}","templated":true}]}}