{"id":31662,"date":"2023-02-01T13:09:41","date_gmt":"2023-02-01T13:09:41","guid":{"rendered":"http:\/\/www2020.vu.lt\/?page_id=31662"},"modified":"2023-02-01T13:11:02","modified_gmt":"2023-02-01T13:11:02","slug":"finansines-bukles-ataskaitos","status":"publish","type":"page","link":"https:\/\/www.mickunai.vilniausr.lm.lt\/?page_id=31662&amp;lang=LT","title":{"rendered":"Finansin\u0117s b\u016bkl\u0117s ataskaitos"},"content":{"rendered":"<p> <a href=\"http:\/\/www2020.vu.lt\/wp-content\/uploads\/2023\/02\/Finansin\u0117s-b\u016bkl\u0117s-ataskaita.pdf\">Finansin\u0117s b\u016bkl\u0117s ataskaita 2022 m. <\/a><\/p>\n","protected":false},"excerpt":{"rendered":"<p>Finansin\u0117s b\u016bkl\u0117s ataskaita 2022 m.<\/p>\n","protected":false},"author":1,"featured_media":0,"parent":8297,"menu_order":0,"comment_status":"closed","ping_status":"closed","template":"","meta":[],"_links":{"self":[{"href":"https:\/\/www.mickunai.vilniausr.lm.lt\/index.php?rest_route=\/wp\/v2\/pages\/31662"}],"collection":[{"href":"https:\/\/www.mickunai.vilniausr.lm.lt\/index.php?rest_route=\/wp\/v2\/pages"}],"about":[{"href":"https:\/\/www.mickunai.vilniausr.lm.lt\/index.php?rest_route=\/wp\/v2\/types\/page"}],"author":[{"embeddable":true,"href":"https:\/\/www.mickunai.vilniausr.lm.lt\/index.php?rest_route=\/wp\/v2\/users\/1"}],"replies":[{"embeddable":true,"href":"https:\/\/www.mickunai.vilniausr.lm.lt\/index.php?rest_route=%2Fwp%2Fv2%2Fcomments&post=31662"}],"version-history":[{"count":3,"href":"https:\/\/www.mickunai.vilniausr.lm.lt\/index.php?rest_route=\/wp\/v2\/pages\/31662\/revisions"}],"predecessor-version":[{"id":31666,"href":"https:\/\/www.mickunai.vilniausr.lm.lt\/index.php?rest_route=\/wp\/v2\/pages\/31662\/revisions\/31666"}],"up":[{"embeddable":true,"href":"https:\/\/www.mickunai.vilniausr.lm.lt\/index.php?rest_route=\/wp\/v2\/pages\/8297"}],"wp:attachment":[{"href":"https:\/\/www.mickunai.vilniausr.lm.lt\/index.php?rest_route=%2Fwp%2Fv2%2Fmedia&parent=31662"}],"curies":[{"name":"wp","href":"https:\/\/api.w.org\/{rel}","templated":true}]}}