{"id":31658,"date":"2023-02-01T12:56:11","date_gmt":"2023-02-01T12:56:11","guid":{"rendered":"http:\/\/www2020.vu.lt\/?page_id=31658"},"modified":"2025-12-28T19:25:09","modified_gmt":"2025-12-28T19:25:09","slug":"mokytoju-metodines-grupes","status":"publish","type":"page","link":"https:\/\/www.mickunai.vilniausr.lm.lt\/?page_id=31658&amp;lang=LT","title":{"rendered":"Mokytoj\u0173 metodin\u0117s grup\u0117s"},"content":{"rendered":"<p><strong>Prie\u0161mokyklinio ir pradinio ugdymo metodin\u0117 grup\u0117:<\/strong><br \/>\n1.\tT. Pavlovska &#8211; pirminink\u0117<br \/>\n2.\tE. Oberlian &#8211; sekretor\u0117<br \/>\n3.\tJ. Dmitrieva<br \/>\n4.\tL. Pozlevi\u010d<br \/>\n5.\tL. Zienkevi\u010d<\/p>\n<p><strong>Kalb\u0173 ir socialini\u0173 moksl\u0173 metodin\u0117 grup\u0117:<\/strong><br \/>\n1.\tK. Vitlicka &#8211; pirminink\u0117<br \/>\n2.\tO. Symonovi\u010dien\u0117 &#8211; sekretor\u0117<br \/>\n3.\tJ. Agafonova<br \/>\n4.\tD. Oberlian<br \/>\n5.\tB. Narunec<br \/>\n6.\tA. Zaikovski<br \/>\n7.\tV. \u0160uk\u0161tul<br \/>\n8.\tA. Lebedeva<br \/>\n9.\tJ. Stefanovi\u010dien\u0117<br \/>\n10.\tA. Lazauskas<br \/>\n11.\tT. Ko\u017eenevska<br \/>\n12.\tM. Radevi\u010d<br \/>\n<strong>Gamtos ir tiksli\u0173j\u0173 moksl\u0173 metodin\u0117 grup\u0117:<\/strong><br \/>\n1.\tA. Tara\u0161kevi\u010d &#8211; pirminink\u0117<br \/>\n2.\tJ. Kozlovskien\u0117 &#8211; sekretor\u0117<br \/>\n3.\tV. Radlinskait\u0117<br \/>\n4.\tL. Syrnicki<br \/>\n5.\tE. Makovska<br \/>\n6.\tG. Kumpan<\/p>\n<p><strong>Fizinio ugdymo, men\u0173 ir technologij\u0173 metodin\u0117 grup\u0117:<\/strong><br \/>\n1.\tM. Vaitonis &#8211; pirmininkas<br \/>\n2.\tS. Monid &#8211; sekretor\u0117<br \/>\n3.\tL. Syrnicki<br \/>\n4.\tR. Lap\u0161evi\u010d<\/p>\n<p><strong>Klas\u0117s vadov\u0173 metodin\u0117 grup\u0117:<\/strong><br \/>\n1.\tV. \u0160uk\u0161tul &#8211; pirminink\u0117<br \/>\n2.\tV. Radlinskait\u0117 &#8211; sekretor\u0117<br \/>\n3.\tT. Ko\u017eenevska<br \/>\n4.\tK. Vitlicka<br \/>\n5.\tD. Oberlian<br \/>\n6.\tA. Lebedeva<br \/>\n7.\tJ. Agafonova<\/p>\n","protected":false},"excerpt":{"rendered":"<p>Prie\u0161mokyklinio ir pradinio ugdymo metodin\u0117 grup\u0117: 1. T. Pavlovska &#8211; pirminink\u0117 2. E. Oberlian &#8211; sekretor\u0117 3. J. Dmitrieva 4. L. Pozlevi\u010d 5. L. Zienkevi\u010d Kalb\u0173 ir socialini\u0173 moksl\u0173 metodin\u0117 grup\u0117: 1. K. Vitlicka &#8211; pirminink\u0117 2. O. Symonovi\u010dien\u0117 &#8211; &hellip; <a href=\"https:\/\/www.mickunai.vilniausr.lm.lt\/?page_id=31658&#038;lang=LT\">Skaitykite toliau <span class=\"meta-nav\">&rarr;<\/span><\/a><\/p>\n","protected":false},"author":1,"featured_media":0,"parent":25145,"menu_order":5,"comment_status":"closed","ping_status":"closed","template":"","meta":[],"_links":{"self":[{"href":"https:\/\/www.mickunai.vilniausr.lm.lt\/index.php?rest_route=\/wp\/v2\/pages\/31658"}],"collection":[{"href":"https:\/\/www.mickunai.vilniausr.lm.lt\/index.php?rest_route=\/wp\/v2\/pages"}],"about":[{"href":"https:\/\/www.mickunai.vilniausr.lm.lt\/index.php?rest_route=\/wp\/v2\/types\/page"}],"author":[{"embeddable":true,"href":"https:\/\/www.mickunai.vilniausr.lm.lt\/index.php?rest_route=\/wp\/v2\/users\/1"}],"replies":[{"embeddable":true,"href":"https:\/\/www.mickunai.vilniausr.lm.lt\/index.php?rest_route=%2Fwp%2Fv2%2Fcomments&post=31658"}],"version-history":[{"count":6,"href":"https:\/\/www.mickunai.vilniausr.lm.lt\/index.php?rest_route=\/wp\/v2\/pages\/31658\/revisions"}],"predecessor-version":[{"id":40459,"href":"https:\/\/www.mickunai.vilniausr.lm.lt\/index.php?rest_route=\/wp\/v2\/pages\/31658\/revisions\/40459"}],"up":[{"embeddable":true,"href":"https:\/\/www.mickunai.vilniausr.lm.lt\/index.php?rest_route=\/wp\/v2\/pages\/25145"}],"wp:attachment":[{"href":"https:\/\/www.mickunai.vilniausr.lm.lt\/index.php?rest_route=%2Fwp%2Fv2%2Fmedia&parent=31658"}],"curies":[{"name":"wp","href":"https:\/\/api.w.org\/{rel}","templated":true}]}}