{"id":31123,"date":"2022-12-14T11:21:44","date_gmt":"2022-12-14T11:21:44","guid":{"rendered":"http:\/\/www2020.vu.lt\/?page_id=31123"},"modified":"2022-12-14T11:29:12","modified_gmt":"2022-12-14T11:29:12","slug":"uta-ugdymo-turinio-atnaujinimas","status":"publish","type":"page","link":"https:\/\/www.mickunai.vilniausr.lm.lt\/?page_id=31123&amp;lang=LT","title":{"rendered":"UTA (ugdymo turinio atnaujinimas)"},"content":{"rendered":"<p><strong>Ugdymo turinio \u012fgyvendinimo komanda:<\/strong> <\/p>\n<p><a href=\"http:\/\/www2020.vu.lt\/wp-content\/uploads\/2022\/12\/UGDYMO-TURINIO-ATNAUJINIMAS.pdf\">Ugdymo turinio atnaujinimas (UTA). K\u0105 reikia \u017einoti?<\/a><br \/>\n<a href=\"http:\/\/www2020.vu.lt\/wp-content\/uploads\/2022\/12\/Mokytojams-apie-kompetencijas.pdf\">Mokytojams apie kompetencijas<\/a><br \/>\n<a href=\"http:\/\/www2020.vu.lt\/wp-content\/uploads\/2022\/12\/T\u0117vams-apie-UTA.pdf\">T\u0117vams apie ugdymo turinio atnaujinim\u0105 (UTA)<\/a><br \/>\n<a href=\"https:\/\/www.e-tar.lt\/portal\/lt\/legalAct\/06c1f24040b711edbc04912defe897d1\">Bendrosios programos (patvirtintos (2022-09-30)<\/a><\/p>\n<p><strong>Naudingi renginiai dalykininkams apie UTA:<\/strong><br \/>\n<a href=\"https:\/\/www.youtube.com\/playlist?list=PLb3M6Z90Z4rRf8MMXfrKj_2hWlkqxN9N7\">Bendr\u0173j\u0173 program\u0173 \u012fgyvendinimo rekomendacij\u0173 panaudojimo galimyb\u0117s 2022\u20132023 m. m.<\/a><\/p>\n","protected":false},"excerpt":{"rendered":"<p>Ugdymo turinio \u012fgyvendinimo komanda: Ugdymo turinio atnaujinimas (UTA). K\u0105 reikia \u017einoti? Mokytojams apie kompetencijas T\u0117vams apie ugdymo turinio atnaujinim\u0105 (UTA) Bendrosios programos (patvirtintos (2022-09-30) Naudingi renginiai dalykininkams apie UTA: Bendr\u0173j\u0173 program\u0173 \u012fgyvendinimo rekomendacij\u0173 panaudojimo galimyb\u0117s 2022\u20132023 m. m.<\/p>\n","protected":false},"author":1,"featured_media":0,"parent":628,"menu_order":0,"comment_status":"closed","ping_status":"closed","template":"","meta":[],"_links":{"self":[{"href":"https:\/\/www.mickunai.vilniausr.lm.lt\/index.php?rest_route=\/wp\/v2\/pages\/31123"}],"collection":[{"href":"https:\/\/www.mickunai.vilniausr.lm.lt\/index.php?rest_route=\/wp\/v2\/pages"}],"about":[{"href":"https:\/\/www.mickunai.vilniausr.lm.lt\/index.php?rest_route=\/wp\/v2\/types\/page"}],"author":[{"embeddable":true,"href":"https:\/\/www.mickunai.vilniausr.lm.lt\/index.php?rest_route=\/wp\/v2\/users\/1"}],"replies":[{"embeddable":true,"href":"https:\/\/www.mickunai.vilniausr.lm.lt\/index.php?rest_route=%2Fwp%2Fv2%2Fcomments&post=31123"}],"version-history":[{"count":6,"href":"https:\/\/www.mickunai.vilniausr.lm.lt\/index.php?rest_route=\/wp\/v2\/pages\/31123\/revisions"}],"predecessor-version":[{"id":31132,"href":"https:\/\/www.mickunai.vilniausr.lm.lt\/index.php?rest_route=\/wp\/v2\/pages\/31123\/revisions\/31132"}],"up":[{"embeddable":true,"href":"https:\/\/www.mickunai.vilniausr.lm.lt\/index.php?rest_route=\/wp\/v2\/pages\/628"}],"wp:attachment":[{"href":"https:\/\/www.mickunai.vilniausr.lm.lt\/index.php?rest_route=%2Fwp%2Fv2%2Fmedia&parent=31123"}],"curies":[{"name":"wp","href":"https:\/\/api.w.org\/{rel}","templated":true}]}}