{"id":29064,"date":"2022-04-06T16:20:23","date_gmt":"2022-04-06T16:20:23","guid":{"rendered":"http:\/\/www2020.vu.lt\/?page_id=29064"},"modified":"2026-02-13T11:11:37","modified_gmt":"2026-02-13T11:11:37","slug":"nmpp-2","status":"publish","type":"page","link":"https:\/\/www.mickunai.vilniausr.lm.lt\/?page_id=29064&amp;lang=LT","title":{"rendered":"NMPP"},"content":{"rendered":"<h1 style=\"text-align: center;\">\n<a href=\"http:\/\/www2020.vu.lt\/wp-content\/uploads\/2022\/04\/N6A.jpg\"><img decoding=\"async\" loading=\"lazy\" class=\"aligncenter size-medium wp-image-29066\" src=\"http:\/\/www2020.vu.lt\/wp-content\/uploads\/2022\/04\/N6A-300x118.jpg\" alt=\"n6a\" width=\"300\" height=\"118\" srcset=\"https:\/\/www.mickunai.vilniausr.lm.lt\/wp-content\/uploads\/2022\/04\/N6A-300x118.jpg 300w, https:\/\/www.mickunai.vilniausr.lm.lt\/wp-content\/uploads\/2022\/04\/N6A.jpg 380w\" sizes=\"(max-width: 300px) 100vw, 300px\" \/><\/a><br \/>\nNacionalinis mokini\u0173 pasiekim\u0173 patikrinimas<br \/>\n<a href=\"https:\/\/www.nsa.smsm.lt\/pasiekimu-departamentas\/egzaminai-ir-pasiekimu-patikrinimai\/nacionaliniai-mokiniu-pasiekimu-patikrinimai\/nmpp-uzduotys\/\">VIS\u0104 INFORMACJ\u0104 APIE PATIKRINIM\u0104 RASITE \u010cIA<\/a><\/h1>\n<div dir=\"ltr\">\n<h4 dir=\"ltr\" style=\"text-align: center;\"><strong>Siekiant pad\u0117ti s\u0117kmingai pasiruo\u0161ti art\u0117jantiems pasiekim\u0173 patikrinimams ir egzaminams, Nacionalin\u0117 \u0161vietimo agent\u016bra (N\u0160A) pareng\u0117 atmintines mokiniams bei j\u0173 t\u0117vams.<br \/>\n<\/strong>Atmintin\u0117se rasite aktualiausi\u0105 informacij\u0105 apie patikrinimo \/ egzamino form\u0105, strukt\u016br\u0105, vertininim\u0105 bei laikymo datas.<\/h4>\n<h2 dir=\"ltr\" style=\"text-align: center;\">\n<a href=\"https:\/\/www.nsa.smsm.lt\/pasiekimu-departamentas\/egzaminai-ir-pasiekimu-patikrinimai\/nacionaliniai-mokiniu-pasiekimu-patikrinimai\/nmpp-atmintines\/\">NMPP atmintin\u0117<\/a><\/p>\n<p>NACIONALINIS MOKINI\u0172 PASIEKIM\u0172 PATIKRINIMAS<br \/>\n(DIAGNOSTINIAI IR STANDARTIZUOTI TESTAI)<\/p>\n<p style=\"text-align: justify;\">Nacionalinis egzamin\u0173 centras yra valstybin\u0117 biud\u017eetin\u0117 \u0161vietimo \u012fstaiga, teikianti pagalb\u0105 mokiniui, mokytojui, mokyklai, organizuojanti ir vykdanti pagrindinio ugdymo pasiekim\u0173 patikrinim\u0105, brandos egzaminus, \u012fskaitas, valstybin\u0117s kalbos mok\u0117jimo ir Lietuvos Respublikos Konstitucijos pagrind\u0173 egzaminus, atliekanti tarptautinius tyrimus.<\/p>\n<p>Informacija apie nacionalinius mokini\u0173 pasiekim\u0173 patikrinimus (NMPP)<br \/>\n<a href=\"https:\/\/www.nsa.smsm.lt\/pasiekimu-departamentas\/egzaminai-ir-pasiekimu-patikrinimai\/nacionaliniai-mokiniu-pasiekimu-patikrinimai\/nmpp-uzduotys\/\">www.nsa.smm.lt\/stebesenos-ir-vertinimo-departamentas\/pasiekimu-patikrinimai\/nmpp\/<\/a><br \/>\nNacionalinio mokini\u0173 pasiekim\u0173 patikrinimo organizavimo ir vykdymo tvarkos apra\u0161as<br \/>\n<a href=\"https:\/\/www.e-tar.lt\/portal\/lt\/legalAct\/b37afd00d31311e68d79c2033f194657\">https:\/\/www.e-tar.lt\/portal\/lt\/legalAct\/b37afd00d31311e68d79c2033f194657<\/a><br \/>\n<\/h2>\n<\/div>\n","protected":false},"excerpt":{"rendered":"<p>Nacionalinis mokini\u0173 pasiekim\u0173 patikrinimas VIS\u0104 INFORMACJ\u0104 APIE PATIKRINIM\u0104 RASITE \u010cIA Siekiant pad\u0117ti s\u0117kmingai pasiruo\u0161ti art\u0117jantiems pasiekim\u0173 patikrinimams ir egzaminams, Nacionalin\u0117 \u0161vietimo agent\u016bra (N\u0160A) pareng\u0117 atmintines mokiniams bei j\u0173 t\u0117vams. Atmintin\u0117se rasite aktualiausi\u0105 informacij\u0105 apie patikrinimo \/ egzamino form\u0105, strukt\u016br\u0105, vertininim\u0105 &hellip; <a href=\"https:\/\/www.mickunai.vilniausr.lm.lt\/?page_id=29064&#038;lang=LT\">Skaitykite toliau <span class=\"meta-nav\">&rarr;<\/span><\/a><\/p>\n","protected":false},"author":1,"featured_media":0,"parent":628,"menu_order":0,"comment_status":"closed","ping_status":"closed","template":"","meta":[],"_links":{"self":[{"href":"https:\/\/www.mickunai.vilniausr.lm.lt\/index.php?rest_route=\/wp\/v2\/pages\/29064"}],"collection":[{"href":"https:\/\/www.mickunai.vilniausr.lm.lt\/index.php?rest_route=\/wp\/v2\/pages"}],"about":[{"href":"https:\/\/www.mickunai.vilniausr.lm.lt\/index.php?rest_route=\/wp\/v2\/types\/page"}],"author":[{"embeddable":true,"href":"https:\/\/www.mickunai.vilniausr.lm.lt\/index.php?rest_route=\/wp\/v2\/users\/1"}],"replies":[{"embeddable":true,"href":"https:\/\/www.mickunai.vilniausr.lm.lt\/index.php?rest_route=%2Fwp%2Fv2%2Fcomments&post=29064"}],"version-history":[{"count":15,"href":"https:\/\/www.mickunai.vilniausr.lm.lt\/index.php?rest_route=\/wp\/v2\/pages\/29064\/revisions"}],"predecessor-version":[{"id":40699,"href":"https:\/\/www.mickunai.vilniausr.lm.lt\/index.php?rest_route=\/wp\/v2\/pages\/29064\/revisions\/40699"}],"up":[{"embeddable":true,"href":"https:\/\/www.mickunai.vilniausr.lm.lt\/index.php?rest_route=\/wp\/v2\/pages\/628"}],"wp:attachment":[{"href":"https:\/\/www.mickunai.vilniausr.lm.lt\/index.php?rest_route=%2Fwp%2Fv2%2Fmedia&parent=29064"}],"curies":[{"name":"wp","href":"https:\/\/api.w.org\/{rel}","templated":true}]}}