{"id":28571,"date":"2022-01-05T11:37:27","date_gmt":"2022-01-05T11:37:27","guid":{"rendered":"http:\/\/www2020.vu.lt\/?page_id=28571"},"modified":"2026-02-13T11:09:29","modified_gmt":"2026-02-13T11:09:29","slug":"egzaminai","status":"publish","type":"page","link":"https:\/\/www.mickunai.vilniausr.lm.lt\/?page_id=28571&amp;lang=LT","title":{"rendered":"EGZAMINAI"},"content":{"rendered":"<div id='gallery-1' class='gallery galleryid-28571 gallery-columns-2 gallery-size-thumbnail'><dl class='gallery-item'>\n\t\t\t<dt class='gallery-icon landscape'>\n\t\t\t\t<a href='https:\/\/www.mickunai.vilniausr.lm.lt\/?attachment_id=35032'><img width=\"150\" height=\"94\" src=\"https:\/\/www.mickunai.vilniausr.lm.lt\/wp-content\/uploads\/2022\/01\/images-150x94.png\" class=\"attachment-thumbnail size-thumbnail\" alt=\"\" decoding=\"async\" loading=\"lazy\" \/><\/a>\n\t\t\t<\/dt><\/dl><dl class='gallery-item'>\n\t\t\t<dt class='gallery-icon landscape'>\n\t\t\t\t<a href='https:\/\/www.mickunai.vilniausr.lm.lt\/?attachment_id=28574'><img width=\"150\" height=\"150\" src=\"https:\/\/www.mickunai.vilniausr.lm.lt\/wp-content\/uploads\/2022\/01\/N6A-150x150.jpg\" class=\"attachment-thumbnail size-thumbnail\" alt=\"\" decoding=\"async\" loading=\"lazy\" \/><\/a>\n\t\t\t<\/dt><\/dl><br style=\"clear: both\" \/>\n\t\t<\/div>\n\n<p>&nbsp;<\/p>\n<div dir=\"ltr\">\n<h4 dir=\"ltr\" style=\"text-align: center;\"><strong>Siekiant pad\u0117ti s\u0117kmingai pasiruo\u0161ti art\u0117jantiems pasiekim\u0173 patikrinimams ir egzaminams, Nacionalin\u0117 \u0161vietimo agent\u016bra (N\u0160A) pareng\u0117 atmintines mokiniams bei j\u0173 t\u0117vams.<br \/>\n<\/strong>Atmintin\u0117se rasite aktualiausi\u0105 informacij\u0105 apie patikrinimo \/ egzamino form\u0105, strukt\u016br\u0105, vertininim\u0105 bei laikymo datas.<\/h4>\n<h2 dir=\"ltr\" style=\"text-align: center;\"><a href=\"https:\/\/www.nsa.smsm.lt\/pasiekimu-departamentas\/egzaminai-ir-pasiekimu-patikrinimai\/valstybiniai-brandos-egzaminai\/vbe-atmintines\/\">VBE atmintin\u0117s<\/a><br \/>\n<a href=\"https:\/\/www.nsa.smsm.lt\/pasiekimu-departamentas\/egzaminai-ir-pasiekimu-patikrinimai\/nacionaliniai-mokiniu-pasiekimu-patikrinimai\/nmpp-atmintines\/\">NMPP atmintin\u0117s<\/a><br \/>\n<a href=\"https:\/\/www.nsa.smsm.lt\/pasiekimu-departamentas\/egzaminai-ir-pasiekimu-patikrinimai\/pagrindinio-ugdymo-pasiekimu-patikrinimai\/pupp-atmintines\/\">PUPP atmintin\u0117s<\/a><\/h2>\n<\/div>\n<p>\u010cIA RASITE VIS\u0104 REIKIAM\u0104 INFORMACIJ\u0104 APIE MOKYKLOSE VYKDOMUS EGZAMINUS<\/p>\n<p style=\"text-align: center;\"><a href=\"https:\/\/www.nsa.smm.lt\/egzaminai\/\">INFORMACJA APIE EGZAMINUS<\/a><\/p>\n<p style=\"text-align: justify;\">Mokymosi pasiekim\u0173 vertinimo paskirtis \u2013 pad\u0117ti mokiniui pasitikrinti mokymosi pa\u017eang\u0105, nustatyti jo pasiekimus ir, palyginus su bendrosiose programose nustatytais pasiekim\u0173 lygiais, pad\u0117ti priimti sprendimus d\u0117l tolesnio mokymosi ar veiklos.<br \/>\n2022\u20132023 mokslo met\u0173 lietuvi\u0173 kalbos ir literat\u016bros\u00a0\u012fskaitos, brandos egzamin\u0173 ir tarpinio patikrinimo tvarkara\u0161tis<br \/>\n<a href=\"https:\/\/www.e-tar.lt\/portal\/lt\/legalAct\/f48ce3a02ab311edb4cae1b158f98ea5\">https:\/\/www.e-tar.lt\/portal\/lt\/legalAct\/f48ce3a02ab311edb4cae1b158f98ea5<\/a><br \/>\nVilniaus rajono 2023 m. dalyk\u0173 brandos egzamin\u0173 vykdymo ir lenk\u0173 tautin\u0117s ma\u017eumos gimtosios kalbos ir literat\u016bros tarpinio patikrinimo centrai<br \/>\n<a href=\"https:\/\/www.vrsa.lt\/svietimas\/veikla-ir-ataskaitos\/mokiniu-pasiekimu-patikrinimas\/394\">https:\/\/www.vrsa.lt\/svietimas\/veikla-ir-ataskaitos\/mokiniu-pasiekimu-patikrinimas\/394<\/a><br \/>\nInformacija apie brandos egzaminus:<a href=\"https:\/\/www.nsa.smm.lt\/egzaminai\">https:\/\/www.nsa.smm.lt\/egzaminai<\/a><\/p>\n<p>Brandos darbas <a href=\"https:\/\/www.nsa.smm.lt\/stebesenos-ir-vertinimo-departamentas\/pasiekimu-patikrinimai\/brandos-egzaminai\/brandos-darbas\">https:\/\/www.nsa.smm.lt\/stebesenos-ir-vertinimo-departamentas\/pasiekimu-patikrinimai\/brandos-egzaminai\/brandos-darbas<\/a><br \/>\nBrandos egzamin\u0173 ir lietuvi\u0173 kalbos ir literat\u016bros \u012fskaitos organizavimo ir vykdymo tvarkos apra\u0161ai<br \/>\n<a href=\"https:\/\/www.e-tar.lt\/portal\/lt\/legalAct\/TAR.759F8EEA8302\">https:\/\/www.e-tar.lt\/portal\/lt\/legalAct\/TAR.759F8EEA8302<\/a><br \/>\nKalb\u0173 \u012fskait\u0173, brandos egzamin\u0173 u\u017eduoties formos, vykdymo ir vertinimo instrukcij\u0173 pritaikymo mokiniams, buvusiems mokiniams ir eksternams, turintiems speciali\u0173j\u0173 ugdymosi poreiki\u0173, tvarkos apra\u0161as<br \/>\n<a href=\"https:\/\/www.e-tar.lt\/portal\/lt\/legalAct\/TAR.A07B1A81868E\">https:\/\/www.e-tar.lt\/portal\/lt\/legalAct\/TAR.A07B1A81868E<\/a><br \/>\nLig\u0173, galin\u010di\u0173 b\u016bti pagrindu atleisti asmenis nuo brandos egzamin\u0173, s\u0105ra\u0161as<br \/>\n<a href=\"https:\/\/www.e-tar.lt\/portal\/lt\/legalAct\/TAR.0F7850B4E05A\">https:\/\/www.e-tar.lt\/portal\/lt\/legalAct\/TAR.0F7850B4E05A<\/a><br \/>\nDaugiau informacijos apie brandos egzaminus \u0160vietimo, mokslo ir sporto<br \/>\nministerijos interneto svetain\u0117je<br \/>\n<a href=\"https:\/\/smsm.lrv.lt\/lt\/veiklos-sritys-1\/smm-svietimas\/brandos-egzaminai\">https:\/\/smsm.lrv.lt\/lt\/veiklos-sritys-1\/smm-svietimas\/brandos-egzaminai<\/a><\/p>\n","protected":false},"excerpt":{"rendered":"<p>&nbsp; Siekiant pad\u0117ti s\u0117kmingai pasiruo\u0161ti art\u0117jantiems pasiekim\u0173 patikrinimams ir egzaminams, Nacionalin\u0117 \u0161vietimo agent\u016bra (N\u0160A) pareng\u0117 atmintines mokiniams bei j\u0173 t\u0117vams. Atmintin\u0117se rasite aktualiausi\u0105 informacij\u0105 apie patikrinimo \/ egzamino form\u0105, strukt\u016br\u0105, vertininim\u0105 bei laikymo datas. VBE atmintin\u0117s NMPP atmintin\u0117s PUPP atmintin\u0117s &hellip; <a href=\"https:\/\/www.mickunai.vilniausr.lm.lt\/?page_id=28571&#038;lang=LT\">Skaitykite toliau <span class=\"meta-nav\">&rarr;<\/span><\/a><\/p>\n","protected":false},"author":1,"featured_media":0,"parent":628,"menu_order":0,"comment_status":"closed","ping_status":"closed","template":"","meta":[],"_links":{"self":[{"href":"https:\/\/www.mickunai.vilniausr.lm.lt\/index.php?rest_route=\/wp\/v2\/pages\/28571"}],"collection":[{"href":"https:\/\/www.mickunai.vilniausr.lm.lt\/index.php?rest_route=\/wp\/v2\/pages"}],"about":[{"href":"https:\/\/www.mickunai.vilniausr.lm.lt\/index.php?rest_route=\/wp\/v2\/types\/page"}],"author":[{"embeddable":true,"href":"https:\/\/www.mickunai.vilniausr.lm.lt\/index.php?rest_route=\/wp\/v2\/users\/1"}],"replies":[{"embeddable":true,"href":"https:\/\/www.mickunai.vilniausr.lm.lt\/index.php?rest_route=%2Fwp%2Fv2%2Fcomments&post=28571"}],"version-history":[{"count":22,"href":"https:\/\/www.mickunai.vilniausr.lm.lt\/index.php?rest_route=\/wp\/v2\/pages\/28571\/revisions"}],"predecessor-version":[{"id":40696,"href":"https:\/\/www.mickunai.vilniausr.lm.lt\/index.php?rest_route=\/wp\/v2\/pages\/28571\/revisions\/40696"}],"up":[{"embeddable":true,"href":"https:\/\/www.mickunai.vilniausr.lm.lt\/index.php?rest_route=\/wp\/v2\/pages\/628"}],"wp:attachment":[{"href":"https:\/\/www.mickunai.vilniausr.lm.lt\/index.php?rest_route=%2Fwp%2Fv2%2Fmedia&parent=28571"}],"curies":[{"name":"wp","href":"https:\/\/api.w.org\/{rel}","templated":true}]}}