{"id":26516,"date":"2018-05-23T10:58:29","date_gmt":"2018-05-23T10:58:29","guid":{"rendered":"http:\/\/www2020.vu.lt\/?page_id=26516"},"modified":"2020-10-07T12:08:48","modified_gmt":"2020-10-07T12:08:48","slug":"mokyklu-aprupinimas-gamtos-ir-technologiniu-mokslu-priemonemis","status":"publish","type":"page","link":"https:\/\/www.mickunai.vilniausr.lm.lt\/?page_id=26516&amp;lang=LT","title":{"rendered":"\u201eMokykl\u0173 apr\u016bpinimas gamtos ir technologini\u0173 moksl\u0173 priemon\u0117mis\u201c"},"content":{"rendered":"<p>(Projekto kodas Nr. 09.1.3 \u2013 CPVA_V_704-02-0001).<br \/>\n<div id=\"attachment_20939\" style=\"width: 2373px\" class=\"wp-caption aligncenter\"><a href=\"http:\/\/www2020.vu.lt\/wp-content\/uploads\/2018\/05\/Bendrasis-logo.jpg\"><img aria-describedby=\"caption-attachment-20939\" decoding=\"async\" loading=\"lazy\" src=\"http:\/\/www2020.vu.lt\/wp-content\/uploads\/2018\/05\/Bendrasis-logo.jpg\" alt=\"image description\" width=\"2363\" height=\"1182\" class=\"size-full wp-image-20939\" srcset=\"https:\/\/www.mickunai.vilniausr.lm.lt\/wp-content\/uploads\/2018\/05\/Bendrasis-logo.jpg 2363w, https:\/\/www.mickunai.vilniausr.lm.lt\/wp-content\/uploads\/2018\/05\/Bendrasis-logo-300x150.jpg 300w, https:\/\/www.mickunai.vilniausr.lm.lt\/wp-content\/uploads\/2018\/05\/Bendrasis-logo-768x384.jpg 768w, https:\/\/www.mickunai.vilniausr.lm.lt\/wp-content\/uploads\/2018\/05\/Bendrasis-logo-1024x512.jpg 1024w\" sizes=\"(max-width: 2363px) 100vw, 2363px\" \/><\/a><p id=\"caption-attachment-20939\" class=\"wp-caption-text\">image description<\/p><\/div><\/p>\n<p>Projekto vykdymo trukm\u0117 \u2013 2017\u20132020 m.<\/p>\n<p>Projekto tikslas \u2013 didinti bendrojo ugdymo \u012fstaig\u0173 tinklo veiklos efektyvum\u0105, modernizuojant mokymo(si) aplink\u0105.<\/p>\n<p>Projekto vykdymo metu gimnazija apr\u016bpinta gamtos ir technologini\u0173 moksl\u0173 mokymo priemoni\u0173 bei \u012frangos komplektais pagal mokini\u0173 skai\u010di\u0173 bei<\/p>\n<p>kompiuterine \u012franga, reikalinga ugdymo procesui organizuoti nuotoliniu b\u016bdu.<\/p>\n<p>Projekt\u0105 remia Europos regionin\u0117s pl\u0117tros fondas.<\/p>\n<p>Daugiau informacijos apie projekto \u012fgyvendinim\u0105 rasite interneto svetain\u0117je<\/p>\n<p><a href=\"https:\/\/www.nsa.smm.lt\/ugdymo-turinio-departamentas\/projektai\/projektas-mokyklu-aprupinimas-gamtos-ir-technologiniu-mokslu-priemonemis-nr-09-1-3-cpva-v-704-02-0001\/\">NACIONALIN\u0116 \u0160VIETIMO AGENT\u016aRA<\/a><\/p>\n","protected":false},"excerpt":{"rendered":"<p>(Projekto kodas Nr. 09.1.3 \u2013 CPVA_V_704-02-0001). Projekto vykdymo trukm\u0117 \u2013 2017\u20132020 m. Projekto tikslas \u2013 didinti bendrojo ugdymo \u012fstaig\u0173 tinklo veiklos efektyvum\u0105, modernizuojant mokymo(si) aplink\u0105. Projekto vykdymo metu gimnazija apr\u016bpinta gamtos ir technologini\u0173 moksl\u0173 mokymo priemoni\u0173 bei \u012frangos komplektais pagal &hellip; <a href=\"https:\/\/www.mickunai.vilniausr.lm.lt\/?page_id=26516&#038;lang=LT\">Skaitykite toliau <span class=\"meta-nav\">&rarr;<\/span><\/a><\/p>\n","protected":false},"author":1,"featured_media":0,"parent":822,"menu_order":0,"comment_status":"closed","ping_status":"closed","template":"","meta":[],"_links":{"self":[{"href":"https:\/\/www.mickunai.vilniausr.lm.lt\/index.php?rest_route=\/wp\/v2\/pages\/26516"}],"collection":[{"href":"https:\/\/www.mickunai.vilniausr.lm.lt\/index.php?rest_route=\/wp\/v2\/pages"}],"about":[{"href":"https:\/\/www.mickunai.vilniausr.lm.lt\/index.php?rest_route=\/wp\/v2\/types\/page"}],"author":[{"embeddable":true,"href":"https:\/\/www.mickunai.vilniausr.lm.lt\/index.php?rest_route=\/wp\/v2\/users\/1"}],"replies":[{"embeddable":true,"href":"https:\/\/www.mickunai.vilniausr.lm.lt\/index.php?rest_route=%2Fwp%2Fv2%2Fcomments&post=26516"}],"version-history":[{"count":7,"href":"https:\/\/www.mickunai.vilniausr.lm.lt\/index.php?rest_route=\/wp\/v2\/pages\/26516\/revisions"}],"predecessor-version":[{"id":26616,"href":"https:\/\/www.mickunai.vilniausr.lm.lt\/index.php?rest_route=\/wp\/v2\/pages\/26516\/revisions\/26616"}],"up":[{"embeddable":true,"href":"https:\/\/www.mickunai.vilniausr.lm.lt\/index.php?rest_route=\/wp\/v2\/pages\/822"}],"wp:attachment":[{"href":"https:\/\/www.mickunai.vilniausr.lm.lt\/index.php?rest_route=%2Fwp%2Fv2%2Fmedia&parent=26516"}],"curies":[{"name":"wp","href":"https:\/\/api.w.org\/{rel}","templated":true}]}}