{"id":2565,"date":"2012-05-23T09:54:36","date_gmt":"2012-05-23T09:54:36","guid":{"rendered":"http:\/\/www2020.vu.lt\/?page_id=2565"},"modified":"2017-05-05T07:43:19","modified_gmt":"2017-05-05T07:43:19","slug":"akim-bibliotekos-projektas","status":"publish","type":"page","link":"https:\/\/www.mickunai.vilniausr.lm.lt\/?page_id=2565&amp;lang=LT","title":{"rendered":"AKIM bibliotekos projektas"},"content":{"rendered":"<p>2011-2013 m. gimnazijos\/mokyklos biblioteka dalyvauja ,,Mokykl\u0173 tobulinimo programos plius\u201c (MTP+) projekte \u201eAuk\u0161tosios kult\u016bros impulsai mokykloms\u201c (AKIM ).<br \/>\nTikslas:<br \/>\nMokyklos bendruomen\u0117s (8-12 klasi\u0173 mokini\u0173) atskirties nuo kult\u016bros proceso ma\u017einimas, u\u017etikrinant kult\u016bros tekst\u0173 prieinamum\u0105 mokyklos bendruomenei, auk\u0161t\u0105j\u0105 kult\u016br\u0105 sistemingai ir nuosekliai atvedant \u012f mokykl\u0105.<br \/>\nRezultatai:<br \/>\nProjekto d\u0117ka gimnazijos\/mokyklos biblioteka 2011-2013 metais nemokamai gaus 11 pavadinim\u0173 kult\u016bros \u017eurnalus: \u201eKult\u016bros barai\u201c, \u201eNaujasis \u017didinys &#8211; Aidai\u201c, \u201eMetai\u201c, \u201eKnyg\u0173 aidai\u201c, \u201eKrantai\u201c, \u201eDail\u0117\u201c, \u201eLiterat\u016bra ir menas\u201c, \u201eFotografija\u201c, \u201eMuzikos barai\u201c, \u201eKelion\u0117 su Bernardinai.lt\u201c, \u201eTautodail\u0117s metra\u0161tis\u201c.<\/p>\n<p>Projektas finansuojamas Europos socialinio fondo ir Lietuvos Respublikos valstyb\u0117s biud\u017eeto l\u0117\u0161omis pagal \u017dmogi\u0161k\u0173j\u0173 i\u0161tekli\u0173 pl\u0117tros veiksm\u0173 programos 2 prioriteto \u201eMokymasis vis\u0105 gyvenim\u0105\u201d priemon\u0119 \u201eNeformaliojo \u0161vietimo paslaug\u0173 pl\u0117tra\u201c, o vykdomas Lietuvos meno k\u016br\u0117j\u0173 asociacijos (LMKA) kartu su partneriais \u2013 11 meno k\u016br\u0117j\u0173 s\u0105jung\u0173 ir 11 kult\u016bros \u017eurnal\u0173 redakcij\u0173.<br \/>\n___________________________________________________________________________________________________________<br \/>\n   Vasario 22 d. mokykloje su paskait\u0173-forumo ciklu \u201ePolitikos kult\u016bra ir moderni visuomen\u0117: istorin\u0117s tapatyb\u0117s aspektai\u201c lank\u0117si AKIM (\u201eAuk\u0161tosios kult\u016bros impulsai mokykloms\u201c) partnerio V\u0161\u012e \u201eEfektyvios politikos\u201c direktorius Vidmantas Staniulis ir AKIM modulin\u0117s darbo grup\u0117s vadovas Vladas Liepuonius.<br \/>\n   Susitikimo metu buvo \u012fteikti konferencijos, kurioje anks\u010diau dalyvavo vienuoliktokai, pa\u017eym\u0117jimai.<br \/>\n   Tai buvo pirmoji paskaita i\u0161 trij\u0173 apie istorin\u0119 kait\u0105. Lektoriai, jau aplank\u0119 per  trisde\u0161imt Lietuvos mokykl\u0173, \u017einojo, kaip pristatyti tem\u0105. Prikaust\u0117 moksleivi\u0173 d\u0117mes\u012f gretindami istorij\u0105 su dabartimi, nuolat juokaudami ir \u012ftraukdami moksleivius \u012f paskait\u0105.<br \/>\n   Moksleivi\u0173 atsiliepimai puik\u016bs, lauksime lektori\u0173 ir finalin\u0117je paskait\u0173 ciklo dalyje, po kurios moksleiviams bus \u012fteikti diplomai u\u017e dalyvavim\u0105 ir bendradarbiavim\u0105.<br \/>\n<div id='gallery-1' class='gallery galleryid-2565 gallery-columns-2 gallery-size-thumbnail'><dl class='gallery-item'>\n\t\t\t<dt class='gallery-icon landscape'>\n\t\t\t\t<a href='https:\/\/www.mickunai.vilniausr.lm.lt\/?attachment_id=4090'><img width=\"150\" height=\"150\" src=\"https:\/\/www.mickunai.vilniausr.lm.lt\/wp-content\/uploads\/2012\/05\/IMG_4632-150x150.jpg\" class=\"attachment-thumbnail size-thumbnail\" alt=\"\" decoding=\"async\" loading=\"lazy\" \/><\/a>\n\t\t\t<\/dt><\/dl><dl class='gallery-item'>\n\t\t\t<dt class='gallery-icon landscape'>\n\t\t\t\t<a href='https:\/\/www.mickunai.vilniausr.lm.lt\/?attachment_id=4091'><img width=\"150\" height=\"150\" src=\"https:\/\/www.mickunai.vilniausr.lm.lt\/wp-content\/uploads\/2012\/05\/IMG_8490-150x150.jpg\" class=\"attachment-thumbnail size-thumbnail\" alt=\"\" decoding=\"async\" loading=\"lazy\" \/><\/a>\n\t\t\t<\/dt><\/dl><br style=\"clear: both\" \/><dl class='gallery-item'>\n\t\t\t<dt class='gallery-icon landscape'>\n\t\t\t\t<a href='https:\/\/www.mickunai.vilniausr.lm.lt\/?attachment_id=5416'><img width=\"150\" height=\"150\" src=\"https:\/\/www.mickunai.vilniausr.lm.lt\/wp-content\/uploads\/2012\/05\/IMG_9495-150x150.jpg\" class=\"attachment-thumbnail size-thumbnail\" alt=\"\" decoding=\"async\" loading=\"lazy\" \/><\/a>\n\t\t\t<\/dt><\/dl><dl class='gallery-item'>\n\t\t\t<dt class='gallery-icon landscape'>\n\t\t\t\t<a href='https:\/\/www.mickunai.vilniausr.lm.lt\/?attachment_id=5417'><img width=\"150\" height=\"150\" src=\"https:\/\/www.mickunai.vilniausr.lm.lt\/wp-content\/uploads\/2012\/05\/IMG_9497-150x150.jpg\" class=\"attachment-thumbnail size-thumbnail\" alt=\"\" decoding=\"async\" loading=\"lazy\" \/><\/a>\n\t\t\t<\/dt><\/dl><br style=\"clear: both\" \/><dl class='gallery-item'>\n\t\t\t<dt class='gallery-icon landscape'>\n\t\t\t\t<a href='https:\/\/www.mickunai.vilniausr.lm.lt\/?attachment_id=5418'><img width=\"150\" height=\"150\" src=\"https:\/\/www.mickunai.vilniausr.lm.lt\/wp-content\/uploads\/2012\/05\/IMG_9501-150x150.jpg\" class=\"attachment-thumbnail size-thumbnail\" alt=\"\" decoding=\"async\" loading=\"lazy\" \/><\/a>\n\t\t\t<\/dt><\/dl><dl class='gallery-item'>\n\t\t\t<dt class='gallery-icon landscape'>\n\t\t\t\t<a href='https:\/\/www.mickunai.vilniausr.lm.lt\/?attachment_id=5419'><img width=\"150\" height=\"150\" src=\"https:\/\/www.mickunai.vilniausr.lm.lt\/wp-content\/uploads\/2012\/05\/IMG_9503-150x150.jpg\" class=\"attachment-thumbnail size-thumbnail\" alt=\"\" decoding=\"async\" loading=\"lazy\" \/><\/a>\n\t\t\t<\/dt><\/dl><br style=\"clear: both\" \/><dl class='gallery-item'>\n\t\t\t<dt class='gallery-icon landscape'>\n\t\t\t\t<a href='https:\/\/www.mickunai.vilniausr.lm.lt\/?attachment_id=5420'><img width=\"150\" height=\"150\" src=\"https:\/\/www.mickunai.vilniausr.lm.lt\/wp-content\/uploads\/2012\/05\/IMG_9504-150x150.jpg\" class=\"attachment-thumbnail size-thumbnail\" alt=\"\" decoding=\"async\" loading=\"lazy\" \/><\/a>\n\t\t\t<\/dt><\/dl><dl class='gallery-item'>\n\t\t\t<dt class='gallery-icon landscape'>\n\t\t\t\t<a href='https:\/\/www.mickunai.vilniausr.lm.lt\/?attachment_id=5421'><img width=\"150\" height=\"150\" src=\"https:\/\/www.mickunai.vilniausr.lm.lt\/wp-content\/uploads\/2012\/05\/IMG_9507-150x150.jpg\" class=\"attachment-thumbnail size-thumbnail\" alt=\"\" decoding=\"async\" loading=\"lazy\" \/><\/a>\n\t\t\t<\/dt><\/dl><br style=\"clear: both\" \/>\n\t\t<\/div>\n<br \/>\n___________________________________________________________________________________________________________<br \/>\n                            PASKUTIN\u0116 PROJEKTO AKIM PASKAITA<br \/>\n    Baland\u017eio18 d. \u012f Mick\u016bn\u0173 vid. mokyklos akt\u0173 sal\u0119 mokiniai ir mokytojai rinkosi anksti. Prie\u017eastis \u2013  jau pa\u017e\u012fstamas lektorius V. Liepuonius skaitys paskutini\u0105j\u0105 ciklo ,,Politikos kult\u016bra ir moderni visuomen\u0117: istorin\u0117s tapatyb\u0117s aspektai\u201c paskait\u0105 ,, Lietuvos \u012fna\u0161as \u012f Baltijos \u0161ali\u0173 regiono politin\u0119 kult\u016br\u0105\u201c ir \u012fteiks sertifikatus.<br \/>\n     Trij\u0173 paskait\u0173 metu sve\u010dias ne tik \u012fdomiai pasakojo, bet ir diskutavo su moksleiviais. \u012edomi istorijos, geografijos, literat\u016bros, pilieti\u0161kumo sintez\u0117 &#8211; tai galimyb\u0117  su\u017einoti, o kai kuriuos dalykus prisiminti bei pasikartoti.<br \/>\n   U\u017e dalyvavim\u0105 projekto renginiuose visiems moksleiviams \u012fteikti sertifikatai.<br \/>\nD\u0117kojame projekto partneriui &#8211; Vie\u0161ajai \u012estaigai ,,Efektyvi politika\u201c, lektoriui V. Liepuoniui ir laukiame kit\u0173 susitikim\u0173.<br \/>\n<div id='gallery-2' class='gallery galleryid-2565 gallery-columns-4 gallery-size-thumbnail'><dl class='gallery-item'>\n\t\t\t<dt class='gallery-icon landscape'>\n\t\t\t\t<a href='https:\/\/www.mickunai.vilniausr.lm.lt\/?attachment_id=4090'><img width=\"150\" height=\"150\" src=\"https:\/\/www.mickunai.vilniausr.lm.lt\/wp-content\/uploads\/2012\/05\/IMG_4632-150x150.jpg\" class=\"attachment-thumbnail size-thumbnail\" alt=\"\" decoding=\"async\" loading=\"lazy\" \/><\/a>\n\t\t\t<\/dt><\/dl><dl class='gallery-item'>\n\t\t\t<dt class='gallery-icon landscape'>\n\t\t\t\t<a href='https:\/\/www.mickunai.vilniausr.lm.lt\/?attachment_id=4091'><img width=\"150\" height=\"150\" src=\"https:\/\/www.mickunai.vilniausr.lm.lt\/wp-content\/uploads\/2012\/05\/IMG_8490-150x150.jpg\" class=\"attachment-thumbnail size-thumbnail\" alt=\"\" decoding=\"async\" loading=\"lazy\" \/><\/a>\n\t\t\t<\/dt><\/dl><dl class='gallery-item'>\n\t\t\t<dt class='gallery-icon landscape'>\n\t\t\t\t<a href='https:\/\/www.mickunai.vilniausr.lm.lt\/?attachment_id=5416'><img width=\"150\" height=\"150\" src=\"https:\/\/www.mickunai.vilniausr.lm.lt\/wp-content\/uploads\/2012\/05\/IMG_9495-150x150.jpg\" class=\"attachment-thumbnail size-thumbnail\" alt=\"\" decoding=\"async\" loading=\"lazy\" \/><\/a>\n\t\t\t<\/dt><\/dl><dl class='gallery-item'>\n\t\t\t<dt class='gallery-icon landscape'>\n\t\t\t\t<a href='https:\/\/www.mickunai.vilniausr.lm.lt\/?attachment_id=5417'><img width=\"150\" height=\"150\" src=\"https:\/\/www.mickunai.vilniausr.lm.lt\/wp-content\/uploads\/2012\/05\/IMG_9497-150x150.jpg\" class=\"attachment-thumbnail size-thumbnail\" alt=\"\" decoding=\"async\" loading=\"lazy\" \/><\/a>\n\t\t\t<\/dt><\/dl><br style=\"clear: both\" \/><dl class='gallery-item'>\n\t\t\t<dt class='gallery-icon landscape'>\n\t\t\t\t<a href='https:\/\/www.mickunai.vilniausr.lm.lt\/?attachment_id=5418'><img width=\"150\" height=\"150\" src=\"https:\/\/www.mickunai.vilniausr.lm.lt\/wp-content\/uploads\/2012\/05\/IMG_9501-150x150.jpg\" class=\"attachment-thumbnail size-thumbnail\" alt=\"\" decoding=\"async\" loading=\"lazy\" \/><\/a>\n\t\t\t<\/dt><\/dl><dl class='gallery-item'>\n\t\t\t<dt class='gallery-icon landscape'>\n\t\t\t\t<a href='https:\/\/www.mickunai.vilniausr.lm.lt\/?attachment_id=5419'><img width=\"150\" height=\"150\" src=\"https:\/\/www.mickunai.vilniausr.lm.lt\/wp-content\/uploads\/2012\/05\/IMG_9503-150x150.jpg\" class=\"attachment-thumbnail size-thumbnail\" alt=\"\" decoding=\"async\" loading=\"lazy\" \/><\/a>\n\t\t\t<\/dt><\/dl><dl class='gallery-item'>\n\t\t\t<dt class='gallery-icon landscape'>\n\t\t\t\t<a href='https:\/\/www.mickunai.vilniausr.lm.lt\/?attachment_id=5420'><img width=\"150\" height=\"150\" src=\"https:\/\/www.mickunai.vilniausr.lm.lt\/wp-content\/uploads\/2012\/05\/IMG_9504-150x150.jpg\" class=\"attachment-thumbnail size-thumbnail\" alt=\"\" decoding=\"async\" loading=\"lazy\" \/><\/a>\n\t\t\t<\/dt><\/dl><dl class='gallery-item'>\n\t\t\t<dt class='gallery-icon landscape'>\n\t\t\t\t<a href='https:\/\/www.mickunai.vilniausr.lm.lt\/?attachment_id=5421'><img width=\"150\" height=\"150\" src=\"https:\/\/www.mickunai.vilniausr.lm.lt\/wp-content\/uploads\/2012\/05\/IMG_9507-150x150.jpg\" class=\"attachment-thumbnail size-thumbnail\" alt=\"\" decoding=\"async\" loading=\"lazy\" \/><\/a>\n\t\t\t<\/dt><\/dl><br style=\"clear: both\" \/>\n\t\t<\/div>\n<\/p>\n","protected":false},"excerpt":{"rendered":"<p>2011-2013 m. gimnazijos\/mokyklos biblioteka dalyvauja ,,Mokykl\u0173 tobulinimo programos plius\u201c (MTP+) projekte \u201eAuk\u0161tosios kult\u016bros impulsai mokykloms\u201c (AKIM ). Tikslas: Mokyklos bendruomen\u0117s (8-12 klasi\u0173 mokini\u0173) atskirties nuo kult\u016bros proceso ma\u017einimas, u\u017etikrinant kult\u016bros tekst\u0173 prieinamum\u0105 mokyklos bendruomenei, auk\u0161t\u0105j\u0105 kult\u016br\u0105 sistemingai ir nuosekliai atvedant &hellip; <a href=\"https:\/\/www.mickunai.vilniausr.lm.lt\/?page_id=2565&#038;lang=LT\">Skaitykite toliau <span class=\"meta-nav\">&rarr;<\/span><\/a><\/p>\n","protected":false},"author":1,"featured_media":0,"parent":504,"menu_order":0,"comment_status":"closed","ping_status":"closed","template":"","meta":[],"_links":{"self":[{"href":"https:\/\/www.mickunai.vilniausr.lm.lt\/index.php?rest_route=\/wp\/v2\/pages\/2565"}],"collection":[{"href":"https:\/\/www.mickunai.vilniausr.lm.lt\/index.php?rest_route=\/wp\/v2\/pages"}],"about":[{"href":"https:\/\/www.mickunai.vilniausr.lm.lt\/index.php?rest_route=\/wp\/v2\/types\/page"}],"author":[{"embeddable":true,"href":"https:\/\/www.mickunai.vilniausr.lm.lt\/index.php?rest_route=\/wp\/v2\/users\/1"}],"replies":[{"embeddable":true,"href":"https:\/\/www.mickunai.vilniausr.lm.lt\/index.php?rest_route=%2Fwp%2Fv2%2Fcomments&post=2565"}],"version-history":[{"count":13,"href":"https:\/\/www.mickunai.vilniausr.lm.lt\/index.php?rest_route=\/wp\/v2\/pages\/2565\/revisions"}],"predecessor-version":[{"id":16303,"href":"https:\/\/www.mickunai.vilniausr.lm.lt\/index.php?rest_route=\/wp\/v2\/pages\/2565\/revisions\/16303"}],"up":[{"embeddable":true,"href":"https:\/\/www.mickunai.vilniausr.lm.lt\/index.php?rest_route=\/wp\/v2\/pages\/504"}],"wp:attachment":[{"href":"https:\/\/www.mickunai.vilniausr.lm.lt\/index.php?rest_route=%2Fwp%2Fv2%2Fmedia&parent=2565"}],"curies":[{"name":"wp","href":"https:\/\/api.w.org\/{rel}","templated":true}]}}