{"id":23253,"date":"2026-03-15T12:42:55","date_gmt":"2026-03-15T12:42:55","guid":{"rendered":"http:\/\/www2020.vu.lt\/?page_id=23253"},"modified":"2026-03-16T10:39:19","modified_gmt":"2026-03-16T10:39:19","slug":"finansines-ataskaitos","status":"publish","type":"page","link":"https:\/\/www.mickunai.vilniausr.lm.lt\/?page_id=23253&amp;lang=LT","title":{"rendered":"Finansini\u0173 ataskait\u0173 rinkiniai"},"content":{"rendered":"<p><a href=\"https:\/\/www.mickunai.vilniausr.lm.lt\/wp-content\/uploads\/2026\/03\/FAR2025-421.pdf\">2025 m. gruod\u017eio 31 d. pasibaigusi\u0173 met\u0173 finansini\u0173 ataskait\u0173 rinkinys<\/a><\/p>\n<p><a href=\"https:\/\/www.mickunai.vilniausr.lm.lt\/wp-content\/uploads\/2025\/03\/2024-m.-gruodzio-31-d.-pasibaigusiu-metu-finansiniu-ataskaitu-rinkinys.pdf\">2024 m. gruod\u017eio 31 d. pasibaigusi\u0173 met\u0173 finansini\u0173 ataskait\u0173 rinkinys<\/a><\/p>\n<p><a href=\"http:\/\/www2020.vu.lt\/wp-content\/uploads\/2019\/05\/2022-m.-ataskait\u0173-rinkinys.pdf\">2022 m. gruod\u017eio 31d. pasibaigusi\u0173 met\u0173 finansini\u0173 ataskait\u0173 rinkinys<\/a><\/p>\n<p><a href=\"http:\/\/www2020.vu.lt\/wp-content\/uploads\/2019\/05\/2021-m.-ataskait\u0173-rinkinys.pdf\">2021 m. gruod\u017eio 31d. pasibaigusi\u0173 met\u0173 finansini\u0173 ataskait\u0173 rinkinys<\/a><\/p>\n<p><a href=\"http:\/\/www2020.vu.lt\/wp-content\/uploads\/2019\/05\/FAR-2020-m..pdf\">2020 m. gruod\u017eio 31d. pasibaigusi\u0173 met\u0173 finansini\u0173 ataskait\u0173 rinkinys<\/a><\/p>\n<p><a href=\"http:\/\/www2020.vu.lt\/wp-content\/uploads\/2019\/05\/Finansin\u0117s-b\u016bkl\u0117s-ataskaita.pdf\">2019 m. gruod\u017eio 31d. pasibaigusi\u0173 met\u0173 finansini\u0173 ataskait\u0173 rinkinys<\/a><\/p>\n<p><a href=\"http:\/\/www2020.vu.lt\/wp-content\/uploads\/2019\/05\/2018-gruod\u017eio-31d.-Finansini\u0173-ataskait\u0173-rinkinys.pdf\">2018 m. gruod\u017eio 31d. pasibaigusi\u0173 met\u0173 finansini\u0173 ataskait\u0173 rinkinys <\/a><\/p>\n<p><a href=\"http:\/\/www2020.vu.lt\/wp-content\/uploads\/2014\/08\/2017-m.-gruod\u017eio-31d.-pasibaigusi\u0173-met\u0173-finansini\u0173-ataskait\u0173-rinkinys-.rar\">2017-m. gruod\u017eio 31d. pasibaigusi\u0173 met\u0173 finansini\u0173 ataskait\u0173 rinkinys<\/a><\/p>\n<p>___________________________________________________<\/p>\n","protected":false},"excerpt":{"rendered":"<p>2025 m. gruod\u017eio 31 d. pasibaigusi\u0173 met\u0173 finansini\u0173 ataskait\u0173 rinkinys 2024 m. gruod\u017eio 31 d. pasibaigusi\u0173 met\u0173 finansini\u0173 ataskait\u0173 rinkinys 2022 m. gruod\u017eio 31d. pasibaigusi\u0173 met\u0173 finansini\u0173 ataskait\u0173 rinkinys 2021 m. gruod\u017eio 31d. pasibaigusi\u0173 met\u0173 finansini\u0173 ataskait\u0173 rinkinys 2020 m. &hellip; <a href=\"https:\/\/www.mickunai.vilniausr.lm.lt\/?page_id=23253&#038;lang=LT\">Skaitykite toliau <span class=\"meta-nav\">&rarr;<\/span><\/a><\/p>\n","protected":false},"author":1,"featured_media":0,"parent":8297,"menu_order":0,"comment_status":"closed","ping_status":"closed","template":"","meta":[],"_links":{"self":[{"href":"https:\/\/www.mickunai.vilniausr.lm.lt\/index.php?rest_route=\/wp\/v2\/pages\/23253"}],"collection":[{"href":"https:\/\/www.mickunai.vilniausr.lm.lt\/index.php?rest_route=\/wp\/v2\/pages"}],"about":[{"href":"https:\/\/www.mickunai.vilniausr.lm.lt\/index.php?rest_route=\/wp\/v2\/types\/page"}],"author":[{"embeddable":true,"href":"https:\/\/www.mickunai.vilniausr.lm.lt\/index.php?rest_route=\/wp\/v2\/users\/1"}],"replies":[{"embeddable":true,"href":"https:\/\/www.mickunai.vilniausr.lm.lt\/index.php?rest_route=%2Fwp%2Fv2%2Fcomments&post=23253"}],"version-history":[{"count":45,"href":"https:\/\/www.mickunai.vilniausr.lm.lt\/index.php?rest_route=\/wp\/v2\/pages\/23253\/revisions"}],"predecessor-version":[{"id":40983,"href":"https:\/\/www.mickunai.vilniausr.lm.lt\/index.php?rest_route=\/wp\/v2\/pages\/23253\/revisions\/40983"}],"up":[{"embeddable":true,"href":"https:\/\/www.mickunai.vilniausr.lm.lt\/index.php?rest_route=\/wp\/v2\/pages\/8297"}],"wp:attachment":[{"href":"https:\/\/www.mickunai.vilniausr.lm.lt\/index.php?rest_route=%2Fwp%2Fv2%2Fmedia&parent=23253"}],"curies":[{"name":"wp","href":"https:\/\/api.w.org\/{rel}","templated":true}]}}