{"id":23251,"date":"2019-05-06T12:41:19","date_gmt":"2019-05-06T12:41:19","guid":{"rendered":"http:\/\/www2020.vu.lt\/?page_id=23251"},"modified":"2026-02-02T06:44:26","modified_gmt":"2026-02-02T06:44:26","slug":"planavimo-dokumentai","status":"publish","type":"page","link":"https:\/\/www.mickunai.vilniausr.lm.lt\/?page_id=23251&amp;lang=LT","title":{"rendered":"Planavimo dokumentai"},"content":{"rendered":"<p><a href=\"https:\/\/www.mickunai.vilniausr.lm.lt\/wp-content\/uploads\/2025\/09\/Vilniaus-r.-Mickunu-gimnazijos-2025-2026-m.-m.-ugdymo-planas.pdf\">Vilniaus r. Mick\u016bn\u0173 gimnazijos 2025-2026 m. m. ugdymo planas<\/a><br \/>\n<a href=\"https:\/\/www.mickunai.vilniausr.lm.lt\/wp-content\/uploads\/2024\/10\/Mickunu-UP.pdf\">Vilniaus r. Mick\u016bn\u0173 gimnazijos 2024-2025 m. m. ugdymo planas<\/a><\/p>\n<p style=\"text-align: left;\">\u00a0 \u00a0 \u00a0 \u00a0 \u00a0 \u00a0 \u00a0 \u00a0 \u00a0 \u00a0 \u00a0 \u00a0 \u00a0 \u00a0 \u00a0 \u00a0 \u00a0 \u00a0 \u00a0 \u00a0 \u00a0 \u00a0 \u00a0 \u00a0 \u00a0 \u00a0 ********<\/p>\n<p><a href=\"http:\/\/www2020.vu.lt\/wp-content\/uploads\/2019\/05\/2023-2025-m.-str.-pl..pdf\">Vilniaus r. Mick\u016bn\u0173 gimnazijos 2023-2025 met\u0173 strateginis planas<\/a><br \/>\n<a href=\"https:\/\/www.mickunai.vilniausr.lm.lt\/wp-content\/uploads\/2025\/01\/Vilniaus-r.-Mickunu-gimnazijos-2020-2020-metu-strateginis-planas.pdf\">Vilniaus r. Mick\u016bn\u0173 gimnazijos 2020-2022 met\u0173 strateginis planas<\/a><\/p>\n<p style=\"text-align: left;\">\u00a0 \u00a0 \u00a0 \u00a0 \u00a0 \u00a0 \u00a0 \u00a0 \u00a0 \u00a0 \u00a0 \u00a0 \u00a0 \u00a0 \u00a0 \u00a0 \u00a0 \u00a0 \u00a0 \u00a0 \u00a0 \u00a0 \u00a0 \u00a0 \u00a0 \u00a0 ********<\/p>\n<p><a href=\"https:\/\/www.mickunai.vilniausr.lm.lt\/wp-content\/uploads\/2025\/01\/Vilniaus-r.-Mickunu-gimnazijos-2023-2024-m.-m.-veiklos-planas.pdf\">Vilniaus r. Mick\u016bn\u0173 gimnazijos 2023-2024 m. m. veiklos planas<\/a><br \/>\n<a href=\"https:\/\/www.mickunai.vilniausr.lm.lt\/wp-content\/uploads\/2025\/01\/Vilniaus-r.-Mickunu-gimnazijos-2022-2023-metu-veiklos-planas.pdf\">Vilniaus r. Mick\u016bn\u0173 gimnazijos 2022-2023 met\u0173 veiklos planas<\/a><\/p>\n<p style=\"text-align: left;\">\u00a0 \u00a0 \u00a0 \u00a0 \u00a0 \u00a0 \u00a0 \u00a0 \u00a0 \u00a0 \u00a0 \u00a0 \u00a0 \u00a0 \u00a0 \u00a0 \u00a0 \u00a0 \u00a0 \u00a0 \u00a0 \u00a0 \u00a0 \u00a0 \u00a0 \u00a0 ********<\/p>\n<p><a href=\"https:\/\/www.mickunai.vilniausr.lm.lt\/wp-content\/uploads\/2025\/01\/Vilniaus-r.-Mickunu-gimnazijos-strateginio-ir-veiklos-plano-igyvendinimo-ataskaita-uz-2023-2024-m.m.pdf\">Vilniaus r. Mick\u016bn\u0173 gimnazijos strateginio ir veiklos plano \u012fgyvendinimo ataskaita u\u017e 2023-2024 m.m.<\/a><br \/>\n<a href=\"https:\/\/www.mickunai.vilniausr.lm.lt\/wp-content\/uploads\/2025\/01\/Vilniaus-r. Mick\u016bn\u0173 gimnazijos strateginio ir veiklos plano \u012fgyvendinimo ataskaita u\u017e 2022-2023 metus.pdf\">Vilniaus r. Mick\u016bn\u0173 gimnazijos strateginio ir veiklos plano \u012fgyvendinimo ataskaita u\u017e 2022-2023 metus<\/a><\/p>\n<p>___________________________________________________________________________________________________________<\/p>\n","protected":false},"excerpt":{"rendered":"<p>Vilniaus r. Mick\u016bn\u0173 gimnazijos 2025-2026 m. m. ugdymo planas Vilniaus r. Mick\u016bn\u0173 gimnazijos 2024-2025 m. m. ugdymo planas \u00a0 \u00a0 \u00a0 \u00a0 \u00a0 \u00a0 \u00a0 \u00a0 \u00a0 \u00a0 \u00a0 \u00a0 \u00a0 \u00a0 \u00a0 \u00a0 \u00a0 \u00a0 \u00a0 \u00a0 \u00a0 \u00a0 &hellip; <a href=\"https:\/\/www.mickunai.vilniausr.lm.lt\/?page_id=23251&#038;lang=LT\">Skaitykite toliau <span class=\"meta-nav\">&rarr;<\/span><\/a><\/p>\n","protected":false},"author":1,"featured_media":0,"parent":8297,"menu_order":0,"comment_status":"closed","ping_status":"closed","template":"","meta":[],"_links":{"self":[{"href":"https:\/\/www.mickunai.vilniausr.lm.lt\/index.php?rest_route=\/wp\/v2\/pages\/23251"}],"collection":[{"href":"https:\/\/www.mickunai.vilniausr.lm.lt\/index.php?rest_route=\/wp\/v2\/pages"}],"about":[{"href":"https:\/\/www.mickunai.vilniausr.lm.lt\/index.php?rest_route=\/wp\/v2\/types\/page"}],"author":[{"embeddable":true,"href":"https:\/\/www.mickunai.vilniausr.lm.lt\/index.php?rest_route=\/wp\/v2\/users\/1"}],"replies":[{"embeddable":true,"href":"https:\/\/www.mickunai.vilniausr.lm.lt\/index.php?rest_route=%2Fwp%2Fv2%2Fcomments&post=23251"}],"version-history":[{"count":60,"href":"https:\/\/www.mickunai.vilniausr.lm.lt\/index.php?rest_route=\/wp\/v2\/pages\/23251\/revisions"}],"predecessor-version":[{"id":40684,"href":"https:\/\/www.mickunai.vilniausr.lm.lt\/index.php?rest_route=\/wp\/v2\/pages\/23251\/revisions\/40684"}],"up":[{"embeddable":true,"href":"https:\/\/www.mickunai.vilniausr.lm.lt\/index.php?rest_route=\/wp\/v2\/pages\/8297"}],"wp:attachment":[{"href":"https:\/\/www.mickunai.vilniausr.lm.lt\/index.php?rest_route=%2Fwp%2Fv2%2Fmedia&parent=23251"}],"curies":[{"name":"wp","href":"https:\/\/api.w.org\/{rel}","templated":true}]}}